{"id":8620,"date":"2026-04-15T04:52:11","date_gmt":"2026-04-15T02:52:11","guid":{"rendered":"https:\/\/fengchashop.com\/hu\/product\/kurkumin-c3-kompleks-v-tekocini-150-ml\/"},"modified":"2026-04-25T10:23:37","modified_gmt":"2026-04-25T08:23:37","slug":"kurkumin-c3-komplex-folyadek-formaban","status":"publish","type":"product","link":"https:\/\/fengchashop.com\/hu\/product\/kurkumin-c3-komplex-folyadek-formaban\/","title":{"rendered":"Kurkumin C3 komplex folyad\u00e9k form\u00e1ban 150 ml"},"content":{"rendered":"<h2><strong>Kurkumin C3 komplex folyad\u00e9k form\u00e1ban<\/strong><\/h2>\n<p><strong>A Kurkumin C3 komplex folyad\u00e9k form\u00e1ban<\/strong> egy modern \u00e9trend-kieg\u00e9sz\u00edt\u0151, amelyet a szervezet t\u00e1mogat\u00e1s\u00e1ra, a sejtek v\u00e9delm\u00e9re \u00e9s az \u00e1ltal\u00e1nos vitalit\u00e1s fokoz\u00e1s\u00e1ra fejlesztettek ki. Magas min\u0151s\u00e9g\u0171 kurkumint tartalmaz fejlett form\u00e1ban, amely biztos\u00edtja a j\u00f3 felsz\u00edv\u00f3d\u00e1st \u00e9s a hat\u00e9kony m\u0171k\u00f6d\u00e9st a szervezetben.<\/p>\n<p>A kurkumin antioxid\u00e1nsk\u00e9nt hat, \u00e9s seg\u00edt megv\u00e9deni a sejteket az oxidat\u00edv stresszt\u0151l, ugyanakkor t\u00e1mogatja az immunrendszert \u00e9s a szervezet \u00e1ltal\u00e1nos egyens\u00faly\u00e1t. A hozz\u00e1adott C-vitamin tov\u00e1bb jav\u00edtja az immunrendszer m\u0171k\u00f6d\u00e9s\u00e9t \u00e9s fokozza a vas felsz\u00edv\u00f3d\u00e1s\u00e1t.<\/p>\n<p>A foly\u00e9kony forma k\u00f6nny\u0171 alkalmaz\u00e1st \u00e9s j\u00f3 felsz\u00edv\u00f3d\u00e1st biztos\u00edt, m\u00edg a kellemes alm\u00e1s \u00edz gondoskodik a kellemes napi fogyaszt\u00e1sr\u00f3l.<\/p>\n<h2><strong>Hogyan hat?<\/strong><\/h2>\n<p>A kurkumin r\u00e9szt vesz a sejtek v\u00e9delm\u00e9ben a szabad gy\u00f6k\u00f6k ellen, \u00e9s t\u00e1mogatja a szervezet term\u00e9szetes folyamatait. A C-vitaminnal kombin\u00e1lva hozz\u00e1j\u00e1rul a jobb k\u00f6z\u00e9rzethez, t\u00e1mogatja az immunrendszert \u00e9s v\u00e9di a szervezetet.<\/p>\n<h2><strong>Mit tartalmaz?<\/strong><\/h2>\n<p><strong><span class=\"ml-1\"><span style=\"color: #000000\">\ud83d\udc9a <\/span><\/span>Kurkumin C3 Komplex\u00ae<\/strong><\/p>\n<p><strong><span class=\"ml-1\"><span style=\"color: #000000\">\ud83d\udc9a <\/span><\/span>C-vitamin<\/strong><\/p>\n<ul>\n<li>hozz\u00e1j\u00e1rul az immunrendszer norm\u00e1lis m\u0171k\u00f6d\u00e9s\u00e9hez<\/li>\n<li>hozz\u00e1j\u00e1rul a sejtek v\u00e9delm\u00e9hez az oxidat\u00edv stressz ellen<\/li>\n<li>hozz\u00e1j\u00e1rul a f\u00e1radts\u00e1g \u00e9s a kimer\u00fclts\u00e9g cs\u00f6kkent\u00e9s\u00e9hez<\/li>\n<li>hozz\u00e1j\u00e1rul a norm\u00e1lis energia-anyagcser\u00e9hez<\/li>\n<li>hozz\u00e1j\u00e1rul az idegrendszer norm\u00e1lis m\u0171k\u00f6d\u00e9s\u00e9hez<\/li>\n<li>hozz\u00e1j\u00e1rul a norm\u00e1lis pszich\u00e9s m\u0171k\u00f6d\u00e9shez<\/li>\n<li>hozz\u00e1j\u00e1rul az immunrendszer norm\u00e1lis m\u0171k\u00f6d\u00e9s\u00e9hez intenz\u00edv testmozg\u00e1s alatt \u00e9s ut\u00e1n<\/li>\n<li>hozz\u00e1j\u00e1rul a kollag\u00e9n norm\u00e1lis k\u00e9pz\u0151d\u00e9s\u00e9hez<\/li>\n<li>hozz\u00e1j\u00e1rul a reduk\u00e1lt E-vitamin form\u00e1j\u00e1nak helyre\u00e1ll\u00edt\u00e1s\u00e1hoz<\/li>\n<li>n\u00f6veli a vas felsz\u00edv\u00f3d\u00e1s\u00e1t<\/li>\n<\/ul>\n<p><strong><span class=\"ml-1\"><span style=\"color: #000000\">\ud83d\udc9a <\/span><\/span>D3-vitamin<\/strong><\/p>\n<ul>\n<li>hozz\u00e1j\u00e1rul a kalcium \u00e9s a foszfor norm\u00e1lis felsz\u00edv\u00f3d\u00e1s\u00e1hoz\/hasznosul\u00e1s\u00e1hoz<\/li>\n<li>hozz\u00e1j\u00e1rul a v\u00e9r norm\u00e1lis kalciumszintj\u00e9hez<\/li>\n<li>hozz\u00e1j\u00e1rul az eg\u00e9szs\u00e9ges csontok meg\u0151rz\u00e9s\u00e9hez<\/li>\n<li>hozz\u00e1j\u00e1rul az izmok norm\u00e1lis m\u0171k\u00f6d\u00e9s\u00e9nek fenntart\u00e1s\u00e1hoz<\/li>\n<li>hozz\u00e1j\u00e1rul az eg\u00e9szs\u00e9ges fogak fenntart\u00e1s\u00e1hoz<\/li>\n<li>hozz\u00e1j\u00e1rul az immunrendszer norm\u00e1lis m\u0171k\u00f6d\u00e9s\u00e9hez<\/li>\n<li>szerepet j\u00e1tszik a sejtoszt\u00f3d\u00e1sban<\/li>\n<\/ul>\n<h2><strong>Mi\u00e9rt v\u00e1lassza a foly\u00e9kony kurkumin C3 komplexet?<\/strong><\/h2>\n<ul>\n<li>fejlett forma a j\u00f3 felsz\u00edv\u00f3d\u00e1s \u00e9rdek\u00e9ben<\/li>\n<li>hozz\u00e1j\u00e1rul az immunrendszer norm\u00e1lis m\u0171k\u00f6d\u00e9s\u00e9hez<\/li>\n<li>t\u00e1mogatja az immunrendszert \u00e9s a sejtek v\u00e9delm\u00e9t<\/li>\n<li>hozz\u00e1adott C-vitamint tartalmaz<\/li>\n<li>foly\u00e9kony forma az egyszer\u0171 haszn\u00e1lat \u00e9rdek\u00e9ben<\/li>\n<li>kellemes alm\u00e1s \u00edz<\/li>\n<li>veg\u00e1nok sz\u00e1m\u00e1ra is alkalmas<\/li>\n<li>glut\u00e9n-, lakt\u00f3z- \u00e9s GMO-mentes<\/li>\n<\/ul>\n<h2 style=\"text-align: justify\"><span style=\"color: #000000\">T\u00e1rol\u00e1s \u00e9s figyelmeztet\u00e9sek<\/span><\/h2>\n<p>Sz\u00e1raz, s\u00f6t\u00e9t helyen, 25 \u00b0C-n\u00e1l nem magasabb h\u0151m\u00e9rs\u00e9kleten t\u00e1roland\u00f3. Felnyit\u00e1s ut\u00e1n h\u0171t\u0151szekr\u00e9nyben t\u00e1roland\u00f3.<\/p>\n<p>Ne feledkezzen meg a v\u00e1ltozatos \u00e9trend \u00e9s az eg\u00e9szs\u00e9ges \u00e9letm\u00f3d fontoss\u00e1g\u00e1r\u00f3l. Az \u00e9trend-kieg\u00e9sz\u00edt\u0151 nem helyettes\u00edti a kiegyens\u00falyozott \u00e9s v\u00e1ltozatos \u00e9trendet. Az aj\u00e1nlott napi mennyis\u00e9get vagy adagot nem szabad t\u00fall\u00e9pni. Gyermekekt\u0151l elz\u00e1rva t\u00e1roland\u00f3!<\/p>\n<h2><span style=\"color: #000000\">Csomagol\u00e1s<\/span><\/h2>\n<p>A kiv\u00e1l\u00f3 min\u0151s\u00e9g\u0171, s\u00f6t\u00e9t m\u0171anyag palackot \u00fagy tervezt\u00e9k, hogy maxim\u00e1lisan v\u00e9dje a foly\u00e9kony vitaminokat \u00e9s \u00e1sv\u00e1nyi anyagokat. V\u00e9di a tartalm\u00e1t a f\u00e9nyt\u0151l, a leveg\u0151t\u0151l \u00e9s a k\u00fcls\u0151 hat\u00e1sokt\u00f3l, \u00e9s seg\u00edt meg\u0151rizni a frissess\u00e9get, a stabilit\u00e1st \u00e9s a hat\u00e9konys\u00e1got a felhaszn\u00e1l\u00e1s teljes ideje alatt.<\/p>\n<p>A csomagol\u00e1s nagyon praktikus \u00e9s \u00fajrahasznos\u00edthat\u00f3.<\/p>\n<h2>Sz\u00e1rmaz\u00e1si hely<\/h2>\n<p>EU<\/p>\n","protected":false},"excerpt":{"rendered":"<p><strong>A Kurkumin C3 Komplex folyad\u00e9k form\u00e1ban<\/strong> egy fejlett \u00e9trend-kieg\u00e9sz\u00edt\u0151, amely magas biol\u00f3giai hozz\u00e1f\u00e9rhet\u0151s\u00e9g\u0171 kurkumint tartalmaz, \u00e9s amelynek c\u00e9lja a sejtek v\u00e9delm\u00e9nek, az immunrendszernek \u00e9s az \u00e1ltal\u00e1nos k\u00f6z\u00e9rzetnek a t\u00e1mogat\u00e1sa.<\/p>\n<p><span class=\"ml-1\"><span style=\"color: #000000\">\ud83d\udc9a <\/span><\/span>magas biol\u00f3giai hozz\u00e1f\u00e9rhet\u0151s\u00e9g a hat\u00e9kony m\u0171k\u00f6d\u00e9s \u00e9rdek\u00e9ben<\/p>\n<p><span class=\"ml-1\"><span style=\"color: #000000\">\ud83d\udc9a <\/span><\/span>hozz\u00e1j\u00e1rul az immunrendszer norm\u00e1lis m\u0171k\u00f6d\u00e9s\u00e9hez<\/p>\n<p><span class=\"ml-1\"><span style=\"color: #000000\">\ud83d\udc9a <\/span><\/span>hozz\u00e1j\u00e1rul a sejtek v\u00e9delm\u00e9hez az oxidat\u00edv stressz ellen<\/p>\n<p><span class=\"ml-1\"><span style=\"color: #000000\">\ud83d\udc9a <\/span><\/span>foly\u00e9kony form\u00e1ban, k\u00f6nny\u0171 haszn\u00e1lat \u00e9s j\u00f3 felsz\u00edv\u00f3d\u00e1s \u00e9rdek\u00e9ben<\/p>\n<p><span class=\"ml-1\"><span style=\"color: #000000\">\ud83d\udc9a <\/span><\/span>veg\u00e1nok sz\u00e1m\u00e1ra is alkalmas<\/p>\n<p><span class=\"ml-1\"><span style=\"color: #000000\">\ud83d\udc9a <\/span><\/span>glut\u00e9n-, lakt\u00f3z- \u00e9s GMO-mentes<\/p>\n","protected":false},"featured_media":8619,"comment_status":"open","ping_status":"closed","template":"","meta":{"_acf_changed":false},"product_brand":[],"product_cat":[225,224,203,235],"product_tag":[],"class_list":{"0":"post-8620","1":"product","2":"type-product","3":"status-publish","4":"has-post-thumbnail","6":"product_cat-minden-termek","7":"product_cat-ajanlat","8":"product_cat-asvanyi-anyagok-es-vitaminok","9":"product_cat-uj","11":"first","12":"instock","13":"sale","14":"taxable","15":"shipping-taxable","16":"purchasable","17":"product-type-simple"},"acf":[],"_links":{"self":[{"href":"https:\/\/fengchashop.com\/hu\/wp-json\/wp\/v2\/product\/8620","targetHints":{"allow":["GET"]}}],"collection":[{"href":"https:\/\/fengchashop.com\/hu\/wp-json\/wp\/v2\/product"}],"about":[{"href":"https:\/\/fengchashop.com\/hu\/wp-json\/wp\/v2\/types\/product"}],"replies":[{"embeddable":true,"href":"https:\/\/fengchashop.com\/hu\/wp-json\/wp\/v2\/comments?post=8620"}],"wp:featuredmedia":[{"embeddable":true,"href":"https:\/\/fengchashop.com\/hu\/wp-json\/wp\/v2\/media\/8619"}],"wp:attachment":[{"href":"https:\/\/fengchashop.com\/hu\/wp-json\/wp\/v2\/media?parent=8620"}],"wp:term":[{"taxonomy":"product_brand","embeddable":true,"href":"https:\/\/fengchashop.com\/hu\/wp-json\/wp\/v2\/product_brand?post=8620"},{"taxonomy":"product_cat","embeddable":true,"href":"https:\/\/fengchashop.com\/hu\/wp-json\/wp\/v2\/product_cat?post=8620"},{"taxonomy":"product_tag","embeddable":true,"href":"https:\/\/fengchashop.com\/hu\/wp-json\/wp\/v2\/product_tag?post=8620"}],"curies":[{"name":"wp","href":"https:\/\/api.w.org\/{rel}","templated":true}]}}

Kurkumin C3 komplex folyadék formában 150 ml

<h2><strong>Kurkumin C3 komplex folyadék formában</strong></h2>
<p><strong>A Kurkumin C3 komplex folyadék formában</strong> egy modern étrend-kiegészítő, amelyet a szervezet támogatására, a sejtek védelmére és az általános vitalitás fokozására fejlesztettek ki. Magas minőségű kurkumint tartalmaz fejlett formában, amely biztosítja a jó felszívódást és a hatékony működést a szervezetben.</p>
<p>A kurkumin antioxidánsként hat, és segít megvédeni a sejteket az oxidatív stressztől, ugyanakkor támogatja az immunrendszert és a szervezet általános egyensúlyát. A hozzáadott C-vitamin tovább javítja az immunrendszer működését és fokozza a vas felszívódását.</p>
<p>A folyékony forma könnyű alkalmazást és jó felszívódást biztosít, míg a kellemes almás íz gondoskodik a kellemes napi fogyasztásról.</p>
<h2><strong>Hogyan hat?</strong></h2>
<p>A kurkumin részt vesz a sejtek védelmében a szabad gyökök ellen, és támogatja a szervezet természetes folyamatait. A C-vitaminnal kombinálva hozzájárul a jobb közérzethez, támogatja az immunrendszert és védi a szervezetet.</p>
<h2><strong>Mit tartalmaz?</strong></h2>
<p><strong><span class="ml-1"><span style="color: #000000">💚 </span></span>Kurkumin C3 Komplex®</strong></p>
<p><strong><span class="ml-1"><span style="color: #000000">💚 </span></span>C-vitamin</strong></p>
<ul>
<li>hozzájárul az immunrendszer normális működéséhez</li>
<li>hozzájárul a sejtek védelméhez az oxidatív stressz ellen</li>
<li>hozzájárul a fáradtság és a kimerültség csökkentéséhez</li>
<li>hozzájárul a normális energia-anyagcseréhez</li>
<li>hozzájárul az idegrendszer normális működéséhez</li>
<li>hozzájárul a normális pszichés működéshez</li>
<li>hozzájárul az immunrendszer normális működéséhez intenzív testmozgás alatt és után</li>
<li>hozzájárul a kollagén normális képződéséhez</li>
<li>hozzájárul a redukált E-vitamin formájának helyreállításához</li>
<li>növeli a vas felszívódását</li>
</ul>
<p><strong><span class="ml-1"><span style="color: #000000">💚 </span></span>D3-vitamin</strong></p>
<ul>
<li>hozzájárul a kalcium és a foszfor normális felszívódásához/hasznosulásához</li>
<li>hozzájárul a vér normális kalciumszintjéhez</li>
<li>hozzájárul az egészséges csontok megőrzéséhez</li>
<li>hozzájárul az izmok normális működésének fenntartásához</li>
<li>hozzájárul az egészséges fogak fenntartásához</li>
<li>hozzájárul az immunrendszer normális működéséhez</li>
<li>szerepet játszik a sejtosztódásban</li>
</ul>
<h2><strong>Miért válassza a folyékony kurkumin C3 komplexet?</strong></h2>
<ul>
<li>fejlett forma a jó felszívódás érdekében</li>
<li>hozzájárul az immunrendszer normális működéséhez</li>
<li>támogatja az immunrendszert és a sejtek védelmét</li>
<li>hozzáadott C-vitamint tartalmaz</li>
<li>folyékony forma az egyszerű használat érdekében</li>
<li>kellemes almás íz</li>
<li>vegánok számára is alkalmas</li>
<li>glutén-, laktóz- és GMO-mentes</li>
</ul>
<h2 style="text-align: justify"><span style="color: #000000">Tárolás és figyelmeztetések</span></h2>
<p>Száraz, sötét helyen, 25 °C-nál nem magasabb hőmérsékleten tárolandó. Felnyitás után hűtőszekrényben tárolandó.</p>
<p>Ne feledkezzen meg a változatos étrend és az egészséges életmód fontosságáról. Az étrend-kiegészítő nem helyettesíti a kiegyensúlyozott és változatos étrendet. Az ajánlott napi mennyiséget vagy adagot nem szabad túllépni. Gyermekektől elzárva tárolandó!</p>
<h2><span style="color: #000000">Csomagolás</span></h2>
<p>A kiváló minőségű, sötét műanyag palackot úgy tervezték, hogy maximálisan védje a folyékony vitaminokat és ásványi anyagokat. Védi a tartalmát a fénytől, a levegőtől és a külső hatásoktól, és segít megőrizni a frissességet, a stabilitást és a hatékonyságot a felhasználás teljes ideje alatt.</p>
<p>A csomagolás nagyon praktikus és újrahasznosítható.</p>
<h2>Származási hely</h2>
<p>EU</p>

<p><strong>A Kurkumin C3 Komplex folyadék formában</strong> egy fejlett étrend-kiegészítő, amely magas biológiai hozzáférhetőségű kurkumint tartalmaz, és amelynek célja a sejtek védelmének, az immunrendszernek és az általános közérzetnek a támogatása.</p>
<p><span class="ml-1"><span style="color: #000000">💚 </span></span>magas biológiai hozzáférhetőség a hatékony működés érdekében</p>
<p><span class="ml-1"><span style="color: #000000">💚 </span></span>hozzájárul az immunrendszer normális működéséhez</p>
<p><span class="ml-1"><span style="color: #000000">💚 </span></span>hozzájárul a sejtek védelméhez az oxidatív stressz ellen</p>
<p><span class="ml-1"><span style="color: #000000">💚 </span></span>folyékony formában, könnyű használat és jó felszívódás érdekében</p>
<p><span class="ml-1"><span style="color: #000000">💚 </span></span>vegánok számára is alkalmas</p>
<p><span class="ml-1"><span style="color: #000000">💚 </span></span>glutén-, laktóz- és GMO-mentes</p>
