{"id":8614,"date":"2026-04-15T04:21:19","date_gmt":"2026-04-15T02:21:19","guid":{"rendered":"https:\/\/fengchashop.com\/hu\/product\/vitamin-b12-v-tekocini-150-ml\/"},"modified":"2026-04-21T07:58:53","modified_gmt":"2026-04-21T05:58:53","slug":"b12-vitamin-folyadek-formaban","status":"publish","type":"product","link":"https:\/\/fengchashop.com\/hu\/product\/b12-vitamin-folyadek-formaban\/","title":{"rendered":"B12-vitamin folyad\u00e9k form\u00e1ban 150 ml"},"content":{"rendered":"<h2><strong>B12-vitamin folyad\u00e9k form\u00e1ban<\/strong><\/h2>\n<p><strong>A foly\u00e9kony B12-vitamin <\/strong>egy modern \u00e9trend-kieg\u00e9sz\u00edt\u0151, amelyet az energiaell\u00e1t\u00e1s, az idegrendszer \u00e9s az \u00e1ltal\u00e1nos k\u00f6z\u00e9rzet t\u00e1mogat\u00e1s\u00e1ra fejlesztettek ki. Magas B12-vitamin-tartalommal rendelkezik, amely r\u00e9szt vesz a szervezet fontos folyamataiban \u2013 a v\u00f6r\u00f6sv\u00e9rsejtek k\u00e9pz\u0151d\u00e9s\u00e9t\u0151l az idegrendszer m\u0171k\u00f6d\u00e9s\u00e9ig.<\/p>\n<p>A B12-vitamin hozz\u00e1j\u00e1rul a f\u00e1radts\u00e1g \u00e9s a kimer\u00fclts\u00e9g cs\u00f6kkent\u00e9s\u00e9hez, valamint t\u00e1mogatja az immunrendszer norm\u00e1lis m\u0171k\u00f6d\u00e9s\u00e9t.<\/p>\n<p>A foly\u00e9kony forma egyszer\u0171 haszn\u00e1latot \u00e9s a t\u00e1panyagok j\u00f3 felsz\u00edv\u00f3d\u00e1s\u00e1t teszi lehet\u0151v\u00e9, ami k\u00fcl\u00f6n\u00f6sen alkalmas azok sz\u00e1m\u00e1ra, akiknek nehezebb kapszul\u00e1kat vagy tablett\u00e1kat fogyasztani.<\/p>\n<h2><strong>Hogyan hat?<\/strong><\/h2>\n<p>A B12-vitamin kulcsfontoss\u00e1g\u00fa szerepet j\u00e1tszik az anyagcsere sor\u00e1n az energia felszabad\u00edt\u00e1s\u00e1ban, \u00e9s hozz\u00e1j\u00e1rul az idegrendszer norm\u00e1lis m\u0171k\u00f6d\u00e9s\u00e9hez. Seg\u00edt a v\u00f6r\u00f6sv\u00e9rsejtek k\u00e9pz\u0151d\u00e9s\u00e9ben is, \u00e9s hozz\u00e1j\u00e1rulhat a nagyobb vitalit\u00e1shoz \u00e9s a f\u00e1radts\u00e1g cs\u00f6kkent\u00e9s\u00e9hez.<\/p>\n<h2><strong>Mit tartalmaz?<\/strong><\/h2>\n<p><strong><span class=\"ml-1\"><span style=\"color: #000000\">\ud83d\udc9a <\/span><\/span>B12-vitamin (cianokobalamin)<\/strong><\/p>\n<ul>\n<li>hozz\u00e1j\u00e1rul az energia el\u0151\u00e1ll\u00edt\u00e1s\u00e1hoz sz\u00fcks\u00e9ges norm\u00e1lis anyagcser\u00e9hez<\/li>\n<li>hozz\u00e1j\u00e1rul az idegrendszer norm\u00e1lis m\u0171k\u00f6d\u00e9s\u00e9hez<\/li>\n<li>hozz\u00e1j\u00e1rul a norm\u00e1lis pszich\u00e9s m\u0171k\u00f6d\u00e9shez<\/li>\n<li>hozz\u00e1j\u00e1rul a v\u00f6r\u00f6sv\u00e9rsejtek norm\u00e1lis k\u00e9pz\u0151d\u00e9s\u00e9hez<\/li>\n<li>hozz\u00e1j\u00e1rul az immunrendszer norm\u00e1lis m\u0171k\u00f6d\u00e9s\u00e9hez<\/li>\n<li>hozz\u00e1j\u00e1rul a f\u00e1radts\u00e1g \u00e9s a kimer\u00fclts\u00e9g cs\u00f6kkent\u00e9s\u00e9hez<\/li>\n<li>szerepet j\u00e1tszik a sejtoszt\u00f3d\u00e1sban<\/li>\n<\/ul>\n<h2><strong>Mi\u00e9rt v\u00e1lassza a foly\u00e9kony B-komplexet?<\/strong><\/h2>\n<ul>\n<li>foly\u00e9kony forma az egyszer\u0171 fogyaszt\u00e1s \u00e9rdek\u00e9ben<\/li>\n<li>j\u00f3 felsz\u00edv\u00f3d\u00e1s \u00e9s t\u00e1panyag-hasznosul\u00e1s<\/li>\n<li>veg\u00e1nok sz\u00e1m\u00e1ra is alkalmas<\/li>\n<li>glut\u00e9n-, lakt\u00f3z- \u00e9s GMO-mentes<\/li>\n<li>k\u00e9nyelmes a mindennapi haszn\u00e1lathoz<\/li>\n<\/ul>\n<h2 style=\"text-align: justify\"><span style=\"color: #000000\">T\u00e1rol\u00e1s \u00e9s figyelmeztet\u00e9sek<\/span><\/h2>\n<p>Sz\u00e1raz, s\u00f6t\u00e9t helyen, 25 \u00b0C-n\u00e1l nem magasabb h\u0151m\u00e9rs\u00e9kleten t\u00e1roland\u00f3. Felnyit\u00e1s ut\u00e1n h\u0171t\u0151szekr\u00e9nyben t\u00e1roland\u00f3.<\/p>\n<p>Ne feledkezzen meg a v\u00e1ltozatos \u00e9trend \u00e9s az eg\u00e9szs\u00e9ges \u00e9letm\u00f3d fontoss\u00e1g\u00e1r\u00f3l. Az \u00e9trend-kieg\u00e9sz\u00edt\u0151 nem helyettes\u00edti a kiegyens\u00falyozott \u00e9s v\u00e1ltozatos \u00e9trendet. Az aj\u00e1nlott napi mennyis\u00e9get vagy adagot nem szabad t\u00fall\u00e9pni. Gyermekekt\u0151l elz\u00e1rva tartand\u00f3!<\/p>\n<h2><span style=\"color: #000000\">Csomagol\u00e1s<\/span><\/h2>\n<p>A kiv\u00e1l\u00f3 min\u0151s\u00e9g\u0171, s\u00f6t\u00e9t m\u0171anyag palackot \u00fagy tervezt\u00e9k, hogy maxim\u00e1lisan v\u00e9dje a foly\u00e9kony vitaminokat \u00e9s \u00e1sv\u00e1nyi anyagokat. V\u00e9di a tartalm\u00e1t a f\u00e9nyt\u0151l, a leveg\u0151t\u0151l \u00e9s a k\u00fcls\u0151 hat\u00e1sokt\u00f3l, \u00e9s seg\u00edt meg\u0151rizni a frissess\u00e9get, a stabilit\u00e1st \u00e9s a hat\u00e9konys\u00e1got a felhaszn\u00e1l\u00e1s teljes ideje alatt.<\/p>\n<p>A csomagol\u00e1s nagyon praktikus \u00e9s \u00fajrahasznos\u00edthat\u00f3.<\/p>\n<h2>Sz\u00e1rmaz\u00e1si hely<\/h2>\n<p>EU<\/p>\n","protected":false},"excerpt":{"rendered":"<p><strong>A foly\u00e9kony B12-vitamin <\/strong>egy \u00e9trend-kieg\u00e9sz\u00edt\u0151, amelynek c\u00e9lja a f\u00e1radts\u00e1g cs\u00f6kkent\u00e9se, az immunrendszer t\u00e1mogat\u00e1sa, valamint az idegrendszer \u00e9s a pszich\u00e9s funkci\u00f3k norm\u00e1lis m\u0171k\u00f6d\u00e9s\u00e9nek el\u0151seg\u00edt\u00e9se. Egy \u00fcveg 150 ml folyad\u00e9kot tartalmaz, ami k\u00f6r\u00fclbel\u00fcl 60 napos rendszeres haszn\u00e1latra elegend\u0151.<\/p>\n<p><span class=\"ml-1\"><span style=\"color: #000000\">\ud83d\udc9a <\/span><\/span>foly\u00e9kony forma az egyszer\u0171 fogyaszt\u00e1s \u00e9rdek\u00e9ben<br \/>\n<span class=\"ml-1\"><span style=\"color: #000000\">\ud83d\udc9a <\/span><\/span>j\u00f3 felsz\u00edv\u00f3d\u00e1s \u00e9s t\u00e1panyag-hasznosul\u00e1s<br \/>\n<span class=\"ml-1\"><span style=\"color: #000000\">\ud83d\udc9a <\/span><\/span>hozz\u00e1j\u00e1rul a norm\u00e1lis anyagcser\u00e9hez az energia el\u0151\u00e1ll\u00edt\u00e1s\u00e1hoz \u00e9s a f\u00e1radts\u00e1g cs\u00f6kkent\u00e9s\u00e9hez<br \/>\n<span class=\"ml-1\"><span style=\"color: #000000\">\ud83d\udc9a <\/span><\/span>veg\u00e1nok sz\u00e1m\u00e1ra is alkalmas<br \/>\n<span class=\"ml-1\"><span style=\"color: #000000\">\ud83d\udc9a <\/span><\/span>glut\u00e9n-, lakt\u00f3z- \u00e9s GMO-mentes<br \/>\n<span class=\"ml-1\"><span style=\"color: #000000\">\ud83d\udc9a <\/span><\/span>k\u00e9nyelmes a mindennapi haszn\u00e1latra<\/p>\n","protected":false},"featured_media":8613,"comment_status":"open","ping_status":"closed","template":"","meta":{"_acf_changed":false},"product_brand":[],"product_cat":[224,203,225,235],"product_tag":[],"class_list":{"0":"post-8614","1":"product","2":"type-product","3":"status-publish","4":"has-post-thumbnail","6":"product_cat-ajanlat","7":"product_cat-asvanyi-anyagok-es-vitaminok","8":"product_cat-minden-termek","9":"product_cat-uj","11":"first","12":"instock","13":"sale","14":"taxable","15":"shipping-taxable","16":"purchasable","17":"product-type-simple"},"acf":[],"_links":{"self":[{"href":"https:\/\/fengchashop.com\/hu\/wp-json\/wp\/v2\/product\/8614","targetHints":{"allow":["GET"]}}],"collection":[{"href":"https:\/\/fengchashop.com\/hu\/wp-json\/wp\/v2\/product"}],"about":[{"href":"https:\/\/fengchashop.com\/hu\/wp-json\/wp\/v2\/types\/product"}],"replies":[{"embeddable":true,"href":"https:\/\/fengchashop.com\/hu\/wp-json\/wp\/v2\/comments?post=8614"}],"wp:featuredmedia":[{"embeddable":true,"href":"https:\/\/fengchashop.com\/hu\/wp-json\/wp\/v2\/media\/8613"}],"wp:attachment":[{"href":"https:\/\/fengchashop.com\/hu\/wp-json\/wp\/v2\/media?parent=8614"}],"wp:term":[{"taxonomy":"product_brand","embeddable":true,"href":"https:\/\/fengchashop.com\/hu\/wp-json\/wp\/v2\/product_brand?post=8614"},{"taxonomy":"product_cat","embeddable":true,"href":"https:\/\/fengchashop.com\/hu\/wp-json\/wp\/v2\/product_cat?post=8614"},{"taxonomy":"product_tag","embeddable":true,"href":"https:\/\/fengchashop.com\/hu\/wp-json\/wp\/v2\/product_tag?post=8614"}],"curies":[{"name":"wp","href":"https:\/\/api.w.org\/{rel}","templated":true}]}}

B12-vitamin folyadék formában 150 ml

<h2><strong>B12-vitamin folyadék formában</strong></h2>
<p><strong>A folyékony B12-vitamin </strong>egy modern étrend-kiegészítő, amelyet az energiaellátás, az idegrendszer és az általános közérzet támogatására fejlesztettek ki. Magas B12-vitamin-tartalommal rendelkezik, amely részt vesz a szervezet fontos folyamataiban – a vörösvérsejtek képződésétől az idegrendszer működéséig.</p>
<p>A B12-vitamin hozzájárul a fáradtság és a kimerültség csökkentéséhez, valamint támogatja az immunrendszer normális működését.</p>
<p>A folyékony forma egyszerű használatot és a tápanyagok jó felszívódását teszi lehetővé, ami különösen alkalmas azok számára, akiknek nehezebb kapszulákat vagy tablettákat fogyasztani.</p>
<h2><strong>Hogyan hat?</strong></h2>
<p>A B12-vitamin kulcsfontosságú szerepet játszik az anyagcsere során az energia felszabadításában, és hozzájárul az idegrendszer normális működéséhez. Segít a vörösvérsejtek képződésében is, és hozzájárulhat a nagyobb vitalitáshoz és a fáradtság csökkentéséhez.</p>
<h2><strong>Mit tartalmaz?</strong></h2>
<p><strong><span class="ml-1"><span style="color: #000000">💚 </span></span>B12-vitamin (cianokobalamin)</strong></p>
<ul>
<li>hozzájárul az energia előállításához szükséges normális anyagcseréhez</li>
<li>hozzájárul az idegrendszer normális működéséhez</li>
<li>hozzájárul a normális pszichés működéshez</li>
<li>hozzájárul a vörösvérsejtek normális képződéséhez</li>
<li>hozzájárul az immunrendszer normális működéséhez</li>
<li>hozzájárul a fáradtság és a kimerültség csökkentéséhez</li>
<li>szerepet játszik a sejtosztódásban</li>
</ul>
<h2><strong>Miért válassza a folyékony B-komplexet?</strong></h2>
<ul>
<li>folyékony forma az egyszerű fogyasztás érdekében</li>
<li>jó felszívódás és tápanyag-hasznosulás</li>
<li>vegánok számára is alkalmas</li>
<li>glutén-, laktóz- és GMO-mentes</li>
<li>kényelmes a mindennapi használathoz</li>
</ul>
<h2 style="text-align: justify"><span style="color: #000000">Tárolás és figyelmeztetések</span></h2>
<p>Száraz, sötét helyen, 25 °C-nál nem magasabb hőmérsékleten tárolandó. Felnyitás után hűtőszekrényben tárolandó.</p>
<p>Ne feledkezzen meg a változatos étrend és az egészséges életmód fontosságáról. Az étrend-kiegészítő nem helyettesíti a kiegyensúlyozott és változatos étrendet. Az ajánlott napi mennyiséget vagy adagot nem szabad túllépni. Gyermekektől elzárva tartandó!</p>
<h2><span style="color: #000000">Csomagolás</span></h2>
<p>A kiváló minőségű, sötét műanyag palackot úgy tervezték, hogy maximálisan védje a folyékony vitaminokat és ásványi anyagokat. Védi a tartalmát a fénytől, a levegőtől és a külső hatásoktól, és segít megőrizni a frissességet, a stabilitást és a hatékonyságot a felhasználás teljes ideje alatt.</p>
<p>A csomagolás nagyon praktikus és újrahasznosítható.</p>
<h2>Származási hely</h2>
<p>EU</p>

<p><strong>A folyékony B12-vitamin </strong>egy étrend-kiegészítő, amelynek célja a fáradtság csökkentése, az immunrendszer támogatása, valamint az idegrendszer és a pszichés funkciók normális működésének elősegítése. Egy üveg 150 ml folyadékot tartalmaz, ami körülbelül 60 napos rendszeres használatra elegendő.</p>
<p><span class="ml-1"><span style="color: #000000">💚 </span></span>folyékony forma az egyszerű fogyasztás érdekében<br />
<span class="ml-1"><span style="color: #000000">💚 </span></span>jó felszívódás és tápanyag-hasznosulás<br />
<span class="ml-1"><span style="color: #000000">💚 </span></span>hozzájárul a normális anyagcseréhez az energia előállításához és a fáradtság csökkentéséhez<br />
<span class="ml-1"><span style="color: #000000">💚 </span></span>vegánok számára is alkalmas<br />
<span class="ml-1"><span style="color: #000000">💚 </span></span>glutén-, laktóz- és GMO-mentes<br />
<span class="ml-1"><span style="color: #000000">💚 </span></span>kényelmes a mindennapi használatra</p>
