{"id":8611,"date":"2026-04-14T17:30:09","date_gmt":"2026-04-14T15:30:09","guid":{"rendered":"https:\/\/fengchashop.com\/hu\/product\/b-kompleks-v-tekocini-250-ml\/"},"modified":"2026-04-25T07:15:41","modified_gmt":"2026-04-25T05:15:41","slug":"b-komplex-folyadek","status":"publish","type":"product","link":"https:\/\/fengchashop.com\/hu\/product\/b-komplex-folyadek\/","title":{"rendered":"B-komplex folyad\u00e9k 250 ml"},"content":{"rendered":"<h2>B-komplex folyad\u00e9k form\u00e1ban<\/h2>\n<p><strong>A foly\u00e9kony B-komplex <\/strong>egy modern \u00e9trend-kieg\u00e9sz\u00edt\u0151, amelyet a szervezet mindennapi m\u0171k\u00f6d\u00e9s\u00e9nek \u00e9s a j\u00f3 k\u00f6z\u00e9rzetnek a t\u00e1mogat\u00e1s\u00e1ra fejlesztettek ki. Gondosan \u00f6sszev\u00e1logatott B-vitamin-kombin\u00e1ci\u00f3t tartalmaz, amelyek sz\u00e1mos kulcsfontoss\u00e1g\u00fa folyamatban vesznek r\u00e9szt \u2013 az anyagcser\u00e9ben t\u00f6rt\u00e9n\u0151 energiafelszabadul\u00e1st\u00f3l az idegrendszer m\u0171k\u00f6d\u00e9s\u00e9ig.<\/p>\n<p>A fejlett formula egyes\u00edti a B1, B2, B3, B5, B6, B7, B9 \u00e9s B12 vitaminokat, amelyek egy\u00fcttesen hozz\u00e1j\u00e1rulnak a f\u00e1radts\u00e1g cs\u00f6kkent\u00e9s\u00e9hez, t\u00e1mogatj\u00e1k a pszich\u00e9s funkci\u00f3kat, \u00e9s fontos szerepet j\u00e1tszanak az immunrendszer norm\u00e1lis m\u0171k\u00f6d\u00e9s\u00e9ben.<\/p>\n<p>A foly\u00e9kony forma egyszer\u0171 haszn\u00e1latot \u00e9s a t\u00e1panyagok j\u00f3 felsz\u00edv\u00f3d\u00e1s\u00e1t teszi lehet\u0151v\u00e9, ami k\u00fcl\u00f6n\u00f6sen alkalmas azok sz\u00e1m\u00e1ra, akiknek nehezebb a kapszul\u00e1k vagy tablett\u00e1k szed\u00e9se.<\/p>\n<h2><strong>Hogyan hat?<\/strong><\/h2>\n<p>A B-vitaminok kulcsfontoss\u00e1g\u00fa szerepet j\u00e1tszanak az \u00e9telek energi\u00e1v\u00e1 t\u00f6rt\u00e9n\u0151 \u00e1talak\u00edt\u00e1s\u00e1ban, \u00e9s hozz\u00e1j\u00e1rulnak a szervezet \u00e1ltal\u00e1nos egyens\u00faly\u00e1hoz. Rendszeres fogyaszt\u00e1suk seg\u00edthet a vitalit\u00e1s meg\u0151rz\u00e9s\u00e9ben, a f\u00e1radts\u00e1g cs\u00f6kkent\u00e9s\u00e9ben \u00e9s az idegrendszer t\u00e1mogat\u00e1s\u00e1ban.<\/p>\n<h2><strong>Mit tartalmaz?<\/strong><\/h2>\n<p><strong><span class=\"ml-1\"><span style=\"color: #000000\">\ud83d\udc9a <\/span><\/span>B1-vitamin (tiamin)<\/strong> \u2013 hozz\u00e1j\u00e1rul a norm\u00e1lis anyagcser\u00e9hez az energia el\u0151\u00e1ll\u00edt\u00e1s\u00e1hoz<\/p>\n<p><strong><span class=\"ml-1\"><span style=\"color: #000000\">\ud83d\udc9a <\/span><\/span>B2-vitamin (riboflavin)<\/strong> \u2013 hozz\u00e1j\u00e1rul a sejtek oxidat\u00edv stressz elleni v\u00e9delm\u00e9hez \u00e9s az eg\u00e9szs\u00e9ges b\u0151r fenntart\u00e1s\u00e1hoz<\/p>\n<p><strong><span class=\"ml-1\"><span style=\"color: #000000\">\ud83d\udc9a <\/span><\/span>B3-vitamin (niacin)<\/strong> \u2013 hozz\u00e1j\u00e1rul az idegrendszer m\u0171k\u00f6d\u00e9s\u00e9hez \u00e9s a f\u00e1radts\u00e1g cs\u00f6kkent\u00e9s\u00e9hez<\/p>\n<p><strong><span class=\"ml-1\"><span style=\"color: #000000\">\ud83d\udc9a <\/span><\/span>B5-vitamin (pantot\u00e9nsav)<\/strong> \u2013 hozz\u00e1j\u00e1rul a norm\u00e1lis szellemi teljes\u00edtm\u00e9nyhez<\/p>\n<p><strong><span class=\"ml-1\"><span style=\"color: #000000\">\ud83d\udc9a <\/span><\/span>B6-vitamin<\/strong> \u2013 hozz\u00e1j\u00e1rul a hormon\u00e1lis aktivit\u00e1s szab\u00e1lyoz\u00e1s\u00e1hoz \u00e9s az immunrendszer m\u0171k\u00f6d\u00e9s\u00e9hez<\/p>\n<p><strong><span class=\"ml-1\"><span style=\"color: #000000\">\ud83d\udc9a <\/span><\/span>B7-vitamin (biotin)<\/strong> \u2013 hozz\u00e1j\u00e1rul az eg\u00e9szs\u00e9ges haj, b\u0151r \u00e9s a makrot\u00e1panyagok anyagcser\u00e9j\u00e9nek fenntart\u00e1s\u00e1hoz<\/p>\n<p><strong><span class=\"ml-1\"><span style=\"color: #000000\">\ud83d\udc9a <\/span><\/span>B9-vitamin (folsav)<\/strong> \u2013 hozz\u00e1j\u00e1rul a v\u00e9rk\u00e9pz\u00e9shez \u00e9s a sejtoszt\u00f3d\u00e1shoz<\/p>\n<p><strong><span class=\"ml-1\"><span style=\"color: #000000\">\ud83d\udc9a <\/span><\/span>B12-vitamin<\/strong> \u2013 hozz\u00e1j\u00e1rul a f\u00e1radts\u00e1g cs\u00f6kkent\u00e9s\u00e9hez \u00e9s az idegrendszer norm\u00e1lis m\u0171k\u00f6d\u00e9s\u00e9hez<\/p>\n<h2><strong>Mi\u00e9rt v\u00e1lassza a foly\u00e9kony B-komplexet?<\/strong><\/h2>\n<ul>\n<li>foly\u00e9kony forma az egyszer\u0171 fogyaszt\u00e1s \u00e9rdek\u00e9ben<\/li>\n<li>j\u00f3 felsz\u00edv\u00f3d\u00e1s \u00e9s t\u00e1panyag-hasznosul\u00e1s<\/li>\n<li>veg\u00e1nok sz\u00e1m\u00e1ra is alkalmas<\/li>\n<li>glut\u00e9n-, lakt\u00f3z- \u00e9s GMO-mentes<\/li>\n<li>k\u00e9nyelmes a mindennapi haszn\u00e1lathoz<\/li>\n<\/ul>\n<h2 style=\"text-align: justify\"><span style=\"color: #000000\">T\u00e1rol\u00e1s \u00e9s figyelmeztet\u00e9sek<\/span><\/h2>\n<p>Sz\u00e1raz, s\u00f6t\u00e9t helyen, 25 \u00b0C-n\u00e1l nem magasabb h\u0151m\u00e9rs\u00e9kleten t\u00e1roland\u00f3. Felnyit\u00e1s ut\u00e1n h\u0171t\u0151szekr\u00e9nyben t\u00e1roland\u00f3.<\/p>\n<p>Ne feledkezzen meg a v\u00e1ltozatos \u00e9trend \u00e9s az eg\u00e9szs\u00e9ges \u00e9letm\u00f3d fontoss\u00e1g\u00e1r\u00f3l. Az \u00e9trend-kieg\u00e9sz\u00edt\u0151 nem helyettes\u00edti a kiegyens\u00falyozott \u00e9s v\u00e1ltozatos \u00e9trendet. Az aj\u00e1nlott napi mennyis\u00e9get vagy adagot nem szabad t\u00fall\u00e9pni. Gyermekekt\u0151l elz\u00e1rva tartand\u00f3!<\/p>\n<h2><span style=\"color: #000000\">Csomagol\u00e1s<\/span><\/h2>\n<p>A kiv\u00e1l\u00f3 min\u0151s\u00e9g\u0171, s\u00f6t\u00e9t m\u0171anyag palackot \u00fagy tervezt\u00e9k, hogy maxim\u00e1lisan v\u00e9dje a foly\u00e9kony vitaminokat \u00e9s \u00e1sv\u00e1nyi anyagokat. V\u00e9di a tartalm\u00e1t a f\u00e9nyt\u0151l, a leveg\u0151t\u0151l \u00e9s a k\u00fcls\u0151 hat\u00e1sokt\u00f3l, \u00e9s seg\u00edt meg\u0151rizni a frissess\u00e9get, a stabilit\u00e1st \u00e9s a hat\u00e9konys\u00e1got a felhaszn\u00e1l\u00e1s teljes ideje alatt.<\/p>\n<p>A csomagol\u00e1s nagyon praktikus \u00e9s \u00fajrahasznos\u00edthat\u00f3.<\/p>\n<h2>Sz\u00e1rmaz\u00e1si hely<\/h2>\n<p>EU<\/p>\n","protected":false},"excerpt":{"rendered":"<p><strong>B-komplex 250 ml<\/strong> egy foly\u00e9kony \u00e9trend-kieg\u00e9sz\u00edt\u0151 B-vitaminokkal, amelyek hozz\u00e1j\u00e1rulnak az anyagcser\u00e9ben az energia felszabadul\u00e1s\u00e1hoz, t\u00e1mogatj\u00e1k az idegrendszer m\u0171k\u00f6d\u00e9s\u00e9t \u00e9s seg\u00edtenek cs\u00f6kkenteni a f\u00e1radts\u00e1got.<\/p>\n<p>A foly\u00e9kony forma biztos\u00edtja a j\u00f3 felsz\u00edv\u00f3d\u00e1st \u00e9s az egyszer\u0171 haszn\u00e1latot. Egy \u00fcveg k\u00f6r\u00fclbel\u00fcl 62 napos rendszeres haszn\u00e1latra elegend\u0151.<\/p>\n<p><span class=\"ml-1\"><span style=\"color: #000000\">\ud83d\udc9a <\/span>A B-vitaminok teljes spektrum\u00e1t tartalmazza a szervezet optim\u00e1lis m\u0171k\u00f6d\u00e9s\u00e9hez.<\/span><\/p>\n<p><span class=\"ml-1\"><span style=\"color: #000000\">\ud83d\udc9a <\/span><\/span>Hozz\u00e1j\u00e1rul a norm\u00e1lis anyagcser\u00e9hez az energia el\u0151\u00e1ll\u00edt\u00e1s\u00e1hoz<\/p>\n<p><span class=\"ml-1\"><span style=\"color: #000000\">\ud83d\udc9a<\/span><\/span> Hozz\u00e1j\u00e1rul a b\u0151r, a haj \u00e9s a k\u00f6rm\u00f6k eg\u00e9szs\u00e9g\u00e9hez<\/p>\n<p><span class=\"ml-1\"><span style=\"color: #000000\">\ud83d\udc9a<\/span><\/span>Hozz\u00e1j\u00e1rul az idegrendszer m\u0171k\u00f6d\u00e9s\u00e9hez \u00e9s a f\u00e1radts\u00e1g cs\u00f6kkent\u00e9s\u00e9hez<\/p>\n<p><span class=\"ml-1\"><span style=\"color: #000000\">\ud83d\udc9a<\/span><\/span> Foly\u00e9kony form\u00e1ban, k\u00f6nnyebb fogyaszt\u00e1s \u00e9rdek\u00e9ben<\/p>\n<p><span class=\"ml-1\"><span style=\"color: #000000\">\ud83d\udc9a<\/span><\/span> Veg\u00e1nok sz\u00e1m\u00e1ra is alkalmas<\/p>\n<p><span class=\"ml-1\"><span style=\"color: #000000\">\ud83d\udc9a <\/span><\/span>Glut\u00e9n-, lakt\u00f3z- \u00e9s GMO-mentes<\/p>\n","protected":false},"featured_media":8610,"comment_status":"open","ping_status":"closed","template":"","meta":{"_acf_changed":false},"product_brand":[],"product_cat":[225,224,203,235],"product_tag":[],"class_list":{"0":"post-8611","1":"product","2":"type-product","3":"status-publish","4":"has-post-thumbnail","6":"product_cat-minden-termek","7":"product_cat-ajanlat","8":"product_cat-asvanyi-anyagok-es-vitaminok","9":"product_cat-uj","11":"first","12":"instock","13":"sale","14":"taxable","15":"shipping-taxable","16":"purchasable","17":"product-type-simple"},"acf":[],"_links":{"self":[{"href":"https:\/\/fengchashop.com\/hu\/wp-json\/wp\/v2\/product\/8611","targetHints":{"allow":["GET"]}}],"collection":[{"href":"https:\/\/fengchashop.com\/hu\/wp-json\/wp\/v2\/product"}],"about":[{"href":"https:\/\/fengchashop.com\/hu\/wp-json\/wp\/v2\/types\/product"}],"replies":[{"embeddable":true,"href":"https:\/\/fengchashop.com\/hu\/wp-json\/wp\/v2\/comments?post=8611"}],"wp:featuredmedia":[{"embeddable":true,"href":"https:\/\/fengchashop.com\/hu\/wp-json\/wp\/v2\/media\/8610"}],"wp:attachment":[{"href":"https:\/\/fengchashop.com\/hu\/wp-json\/wp\/v2\/media?parent=8611"}],"wp:term":[{"taxonomy":"product_brand","embeddable":true,"href":"https:\/\/fengchashop.com\/hu\/wp-json\/wp\/v2\/product_brand?post=8611"},{"taxonomy":"product_cat","embeddable":true,"href":"https:\/\/fengchashop.com\/hu\/wp-json\/wp\/v2\/product_cat?post=8611"},{"taxonomy":"product_tag","embeddable":true,"href":"https:\/\/fengchashop.com\/hu\/wp-json\/wp\/v2\/product_tag?post=8611"}],"curies":[{"name":"wp","href":"https:\/\/api.w.org\/{rel}","templated":true}]}}

B-komplex folyadék 250 ml

<h2>B-komplex folyadék formában</h2>
<p><strong>A folyékony B-komplex </strong>egy modern étrend-kiegészítő, amelyet a szervezet mindennapi működésének és a jó közérzetnek a támogatására fejlesztettek ki. Gondosan összeválogatott B-vitamin-kombinációt tartalmaz, amelyek számos kulcsfontosságú folyamatban vesznek részt – az anyagcserében történő energiafelszabadulástól az idegrendszer működéséig.</p>
<p>A fejlett formula egyesíti a B1, B2, B3, B5, B6, B7, B9 és B12 vitaminokat, amelyek együttesen hozzájárulnak a fáradtság csökkentéséhez, támogatják a pszichés funkciókat, és fontos szerepet játszanak az immunrendszer normális működésében.</p>
<p>A folyékony forma egyszerű használatot és a tápanyagok jó felszívódását teszi lehetővé, ami különösen alkalmas azok számára, akiknek nehezebb a kapszulák vagy tabletták szedése.</p>
<h2><strong>Hogyan hat?</strong></h2>
<p>A B-vitaminok kulcsfontosságú szerepet játszanak az ételek energiává történő átalakításában, és hozzájárulnak a szervezet általános egyensúlyához. Rendszeres fogyasztásuk segíthet a vitalitás megőrzésében, a fáradtság csökkentésében és az idegrendszer támogatásában.</p>
<h2><strong>Mit tartalmaz?</strong></h2>
<p><strong><span class="ml-1"><span style="color: #000000">💚 </span></span>B1-vitamin (tiamin)</strong> – hozzájárul a normális anyagcseréhez az energia előállításához</p>
<p><strong><span class="ml-1"><span style="color: #000000">💚 </span></span>B2-vitamin (riboflavin)</strong> – hozzájárul a sejtek oxidatív stressz elleni védelméhez és az egészséges bőr fenntartásához</p>
<p><strong><span class="ml-1"><span style="color: #000000">💚 </span></span>B3-vitamin (niacin)</strong> – hozzájárul az idegrendszer működéséhez és a fáradtság csökkentéséhez</p>
<p><strong><span class="ml-1"><span style="color: #000000">💚 </span></span>B5-vitamin (pantoténsav)</strong> – hozzájárul a normális szellemi teljesítményhez</p>
<p><strong><span class="ml-1"><span style="color: #000000">💚 </span></span>B6-vitamin</strong> – hozzájárul a hormonális aktivitás szabályozásához és az immunrendszer működéséhez</p>
<p><strong><span class="ml-1"><span style="color: #000000">💚 </span></span>B7-vitamin (biotin)</strong> – hozzájárul az egészséges haj, bőr és a makrotápanyagok anyagcseréjének fenntartásához</p>
<p><strong><span class="ml-1"><span style="color: #000000">💚 </span></span>B9-vitamin (folsav)</strong> – hozzájárul a vérképzéshez és a sejtosztódáshoz</p>
<p><strong><span class="ml-1"><span style="color: #000000">💚 </span></span>B12-vitamin</strong> – hozzájárul a fáradtság csökkentéséhez és az idegrendszer normális működéséhez</p>
<h2><strong>Miért válassza a folyékony B-komplexet?</strong></h2>
<ul>
<li>folyékony forma az egyszerű fogyasztás érdekében</li>
<li>jó felszívódás és tápanyag-hasznosulás</li>
<li>vegánok számára is alkalmas</li>
<li>glutén-, laktóz- és GMO-mentes</li>
<li>kényelmes a mindennapi használathoz</li>
</ul>
<h2 style="text-align: justify"><span style="color: #000000">Tárolás és figyelmeztetések</span></h2>
<p>Száraz, sötét helyen, 25 °C-nál nem magasabb hőmérsékleten tárolandó. Felnyitás után hűtőszekrényben tárolandó.</p>
<p>Ne feledkezzen meg a változatos étrend és az egészséges életmód fontosságáról. Az étrend-kiegészítő nem helyettesíti a kiegyensúlyozott és változatos étrendet. Az ajánlott napi mennyiséget vagy adagot nem szabad túllépni. Gyermekektől elzárva tartandó!</p>
<h2><span style="color: #000000">Csomagolás</span></h2>
<p>A kiváló minőségű, sötét műanyag palackot úgy tervezték, hogy maximálisan védje a folyékony vitaminokat és ásványi anyagokat. Védi a tartalmát a fénytől, a levegőtől és a külső hatásoktól, és segít megőrizni a frissességet, a stabilitást és a hatékonyságot a felhasználás teljes ideje alatt.</p>
<p>A csomagolás nagyon praktikus és újrahasznosítható.</p>
<h2>Származási hely</h2>
<p>EU</p>

<p><strong>B-komplex 250 ml</strong> egy folyékony étrend-kiegészítő B-vitaminokkal, amelyek hozzájárulnak az anyagcserében az energia felszabadulásához, támogatják az idegrendszer működését és segítenek csökkenteni a fáradtságot.</p>
<p>A folyékony forma biztosítja a jó felszívódást és az egyszerű használatot. Egy üveg körülbelül 62 napos rendszeres használatra elegendő.</p>
<p><span class="ml-1"><span style="color: #000000">💚 </span>A B-vitaminok teljes spektrumát tartalmazza a szervezet optimális működéséhez.</span></p>
<p><span class="ml-1"><span style="color: #000000">💚 </span></span>Hozzájárul a normális anyagcseréhez az energia előállításához</p>
<p><span class="ml-1"><span style="color: #000000">💚</span></span> Hozzájárul a bőr, a haj és a körmök egészségéhez</p>
<p><span class="ml-1"><span style="color: #000000">💚</span></span>Hozzájárul az idegrendszer működéséhez és a fáradtság csökkentéséhez</p>
<p><span class="ml-1"><span style="color: #000000">💚</span></span> Folyékony formában, könnyebb fogyasztás érdekében</p>
<p><span class="ml-1"><span style="color: #000000">💚</span></span> Vegánok számára is alkalmas</p>
<p><span class="ml-1"><span style="color: #000000">💚 </span></span>Glutén-, laktóz- és GMO-mentes</p>
