{"id":6213,"date":"2022-05-20T14:55:43","date_gmt":"2022-05-20T12:55:43","guid":{"rendered":"https:\/\/fengchashop.com\/hu\/product\/golden-latte-bio-6250-g\/"},"modified":"2026-04-30T04:58:57","modified_gmt":"2026-04-30T02:58:57","slug":"golden-latte-bio","status":"publish","type":"product","link":"https:\/\/fengchashop.com\/hu\/product\/golden-latte-bio\/","title":{"rendered":"Golden latte BIO 250 g"},"content":{"rendered":"<h2><span style=\"color: #000000\">Golden latte BIO<\/span><\/h2>\n<p><span style=\"color: #000000\">A Golden latte egy finom \u00e9s \u00e9l\u00e9nk\u00edt\u0151 ital, amely \u00f6t egyszer\u0171 \u00f6sszetev\u0151b\u0151l k\u00e9sz\u00fcl, a f\u0151 \u00f6sszetev\u0151 a kurkuma. M\u00e1s hozz\u00e1val\u00f3kat is tehet\u00fcnk bele, amiket szeret\u00fcnk \u00e9s k\u00f6zel \u00e1llunk hozz\u00e1. A kurkuma tej fogyaszt\u00e1sa sz\u00e1mos j\u00f3t\u00e9kony hat\u00e1ssal lehet szervezet\u00fcnkre, emellett kellemes \u00edz\u0171. A Golden latte BIO mix egy k\u00e9sz kever\u00e9k, amellyel id\u0151t takar\u00edthat meg az ital elk\u00e9sz\u00edt\u00e9sekor, mivel nem kell agg\u00f3dnia az \u00f6sszes \u00f6sszetev\u0151 mennyis\u00e9g\u00e9nek kim\u00e9r\u00e9s\u00e9vel. K\u00f6nnyen haszn\u00e1lhat\u00f3 \u00e9s remek \u00edz\u0171. A kever\u00e9k kurkum\u00e1b\u00f3l \u00e9s ceyloni fah\u00e9jb\u00f3l (10%) \u00e9s gy\u00f6mb\u00e9rb\u0151l (10%) \u00e1ll.<\/span><\/p>\n<p><span style=\"color: #000000\">Csak biotermel\u00e9sb\u0151l sz\u00e1rmaz\u00f3 pr\u00e9mium \u00f6sszetev\u0151ket v\u00e1lasztanak ki.<\/span><\/p>\n<p><span style=\"color: #000000\">Egy csipet \u0151r\u00f6lt fekete borsot is adunk a kever\u00e9khez, mivel \u00edgy k\u00f6nnyebben \u00e9s jobban felsz\u00edv\u00f3dik a szervezet a kurkuma hat\u00f3anyagait, k\u00fcl\u00f6n\u00f6sen a kurkumint.<\/span><\/p>\n<p><span style=\"color: #000000\">Az italt elk\u00e9sz\u00edtheti tejjel, n\u00f6v\u00e9nyi itallal vagy m\u00e1s folyad\u00e9kkal. Megihatod reggel vagy este, de \u00e1ltal\u00e1ban este, lefekv\u00e9s el\u0151tt a legjobb. V\u00e1ltoztasd meg a ritu\u00e1l\u00e9t, \u00e9s add \u00e1t magad a kurkuma gy\u00f3gy\u00edt\u00f3 \u00e9lvezet\u00e9nek. A kurkuma italok divatos italok az eg\u00e9sz vil\u00e1gon, mert egyes\u00edtik az eg\u00e9szs\u00e9get \u00e9s a j\u00f3 \u00edzt.<\/span><\/p>\n<p><span style=\"color: #000000\">A mi mix\u00fcnket pedig az teszi k\u00fcl\u00f6nlegess\u00e9, hogy nem adtunk hozz\u00e1 cukrot vagy m\u00e1s \u00e9des\u00edt\u0151szert. \u00cdzl\u00e9s szerint tehetj\u00fck bele, vagy egy\u00e1ltal\u00e1n nem \u00e9des\u00edthetj\u00fck az italt, hiszen a fah\u00e9j \u00e9s a kurkuma \u00f6nmag\u00e1ban is kellemes \u00e9dess\u00e9get ad neki.<\/span><\/p>\n<h2><span style=\"color: #000000\">Mi\u00e9rt a kurkuma?<\/span><\/h2>\n<p><span style=\"color: #000000\">A kurkuma gy\u00f3gy\u00edt\u00f3 hat\u00e1sa a t\u00e1vol-keleti hagyom\u00e1nyos orvosl\u00e1sban felbecs\u00fclhetetlen. T\u00f6bbek k\u00f6z\u00f6tt f\u0151 hat\u00f3anyaga, a kurkumin miatt a v\u00e9r \u00e9s a gyomor-b\u00e9l traktus tiszt\u00edt\u00e1s\u00e1ra, a m\u00e1j \u00e9s az epeh\u00f3lyag m\u00e9regtelen\u00edt\u00e9s\u00e9re szolg\u00e1l, mivel felgyors\u00edtja az epe, a bilirubin \u00e9s a koleszterin kiv\u00e1laszt\u00e1s\u00e1t. Sokan \u00e9lvezik a v\u00edrusos hepatitis \u00e9s a r\u00e1k, a pikkelys\u00f6m\u00f6r, az Alzheimer-k\u00f3r \u00e9s a depresszi\u00f3 elleni k\u00fczdelemben, \u00e9s kozmetikai k\u00e9sz\u00edtm\u00e9nyekben is haszn\u00e1lj\u00e1k.<\/span><\/p>\n<p><span style=\"color: #000000\">A kurkuma j\u00f3t\u00e9kony hat\u00e1s\u00e1t tud\u00f3sok is bizony\u00edtott\u00e1k, akik szerint rendszeres fogyaszt\u00e1s\u00e1val megel\u0151zhet\u0151 az \u00e9lelmiszerekb\u0151l sz\u00e1rmaz\u00f3 r\u00e1kkelt\u0151 anyagok szervezetre gyakorolt \u200b\u200bk\u00e1ros hat\u00e1sa. A fentieken t\u00falmen\u0151en a kurkumin \u00e1ll\u00edt\u00f3lag megakad\u00e1lyozza a koleszterin oxid\u00e1ci\u00f3j\u00e1t, amely negat\u00edv hat\u00e1s\u00e1val az \u00e9letvesz\u00e9lyes \u00e9relmeszesed\u00e9s progresszi\u00f3j\u00e1t okozza.<\/span><\/p>\n<p><span style=\"color: #000000\">Er\u0151teljes antioxid\u00e1nsk\u00e9nt a kurkuma megv\u00e9di a beleket a szabad gy\u00f6k\u00f6kt\u0151l \u00e9s sikeresen megsz\u00fcnteti a test savass\u00e1g\u00e1t. Az ayurv\u00e9dikus orvosok antiszeptikus \u00e9s antibakteri\u00e1lis szerk\u00e9nt haszn\u00e1lj\u00e1k a sebek \u00e9s \u00e9g\u00e9si s\u00e9r\u00fcl\u00e9sek fert\u0151tlen\u00edt\u00e9s\u00e9re. Egyes n\u0151k meg vannak gy\u0151z\u0151dve arr\u00f3l, hogy seg\u00edt felgyors\u00edtani az em\u00e9szt\u00e9st \u00e9s szab\u00e1lyozza az anyagcser\u00e9t, ez\u00e9rt hat\u00e9konyan dobja le a felesleges kil\u00f3kat.<\/span><\/p>\n<p><span style=\"color: #000000\">A fah\u00e9j els\u0151sorban kellemes \u00edzt ad az italnak. Tejjel kombin\u00e1lva teljes m\u00e9rt\u00e9kben kihaszn\u00e1ljuk annak minden el\u0151ny\u00e9t, mint p\u00e9ld\u00e1ul a v\u00e9rcukor- \u00e9s koleszterinszint cs\u00f6kkent\u00e9s\u00e9t, valamint a v\u00e9rnyom\u00e1s szab\u00e1lyoz\u00e1s\u00e1t. A fah\u00e9j a zs\u00edrem\u00e9szt\u00e9st \u00e9s az em\u00e9szt\u00e9si probl\u00e9m\u00e1kat, p\u00e9ld\u00e1ul a hasmen\u00e9st is seg\u00edti. A gy\u00f6mb\u00e9r serkenti az em\u00e9szt\u00e9st, bel\u00fclr\u0151l meleg\u00edt, jav\u00edtja az immunit\u00e1st \u00e9s felgyors\u00edtja az anyagcser\u00e9t. Mindkett\u0151 enyh\u00edti a PMS t\u00fcneteit \u00e9s a menstru\u00e1ci\u00f3s g\u00f6rcs\u00f6ket is.<\/span><\/p>\n<h2><span style=\"color: #000000\">Milyen egy\u00e9b el\u0151nyei vannak a kurkuma tej fogyaszt\u00e1s\u00e1nak?<\/span><\/h2>\n<p><span style=\"color: #000000\">A kurkuma vil\u00e1gszerte rendk\u00edv\u00fcl \u00e9rt\u00e9kes f\u0171szer. Az Ayurv\u00e9d\u00e1ban t\u00f6bb mint 150 lehets\u00e9ges ter\u00e1pi\u00e1s hat\u00e1sra haszn\u00e1lj\u00e1k. A modern tudom\u00e1nyban sz\u00e1mos tanulm\u00e1ny t\u00e1rgya, amelyek k\u00f6z\u00fcl n\u00e9h\u00e1nyat m\u00e1r meger\u0151s\u00edtettek, \u00e9s gyullad\u00e1sos b\u00e9lbetegs\u00e9gek \u00e9s \u00edz\u00fcleti gyullad\u00e1sok kezel\u00e9s\u00e9re haszn\u00e1lj\u00e1k. Azok a pozit\u00edv hat\u00e1sok, amelyeket a kurkumin tej rendszeres fogyaszt\u00e1sa hozhat, ill kurkuma, \u00e9s a k\u00f6vetkez\u0151k:<\/span><\/p>\n<p><span style=\"color: #000000\">\ud83d\udc9a seg\u00edt a b\u00e9lbetegs\u00e9gek kezel\u00e9s\u00e9ben,<\/span><br \/>\n<span style=\"color: #000000\">\ud83d\udc9a cs\u00f6kkenti a koleszterinszintet,<\/span><br \/>\n<span style=\"color: #000000\">\ud83d\udc9a esti italnak kiv\u00e1l\u00f3 lefekv\u00e9s el\u0151tt, mivel megnyugtat,<\/span><br \/>\n<span style=\"color: #000000\">\ud83d\udc9a fejf\u00e1j\u00e1s \u00e9s f\u00e1jdalom ellen is hat\u00e1sos,<\/span><br \/>\n<span style=\"color: #000000\">\ud83d\udc9a seg\u00edti az em\u00e9szt\u00e9st,<\/span><br \/>\n<span style=\"color: #000000\">\ud83d\udc9a tiszt\u00edtsa meg a m\u00e1jat<\/span><br \/>\n<span style=\"color: #000000\">\ud83d\udc9a seg\u00edt a menstru\u00e1ci\u00f3s g\u00f6rcs\u00f6kben,<\/span><br \/>\n<span style=\"color: #000000\">\ud83d\udc9a gyullad\u00e1scs\u00f6kkent\u0151 hat\u00e1sa van.<\/span><\/p>\n<h2><span style=\"color: #000000\">T\u00e1rol\u00e1s<\/span><\/h2>\n<p><span style=\"color: #000000\">Sz\u00e1raz, s\u00f6t\u00e9t \u00e9s h\u0171v\u00f6s helyen t\u00e1roland\u00f3. Gy\u0151z\u0151dj\u00f6n meg arr\u00f3l, hogy a zacsk\u00f3 vagy doboz j\u00f3l le van z\u00e1rva.<\/span><\/p>\n<h2><span style=\"color: #000000\">Csomagol\u00e1s<\/span><\/h2>\n<p><span style=\"color: #000000\">L\u00e9gmentesen z\u00e1rhat\u00f3 tasak, amelyben a term\u00e9k meg\u0151rzi minden frissess\u00e9g\u00e9t \u00e9s arom\u00e1j\u00e1t. A csomagol\u00e1s v\u00e9d a f\u00e9nyt\u0151l \u00e9s a leveg\u0151t\u0151l, mivel t\u00f6bb v\u00e9d\u0151r\u00e9tegb\u0151l \u00e1ll, amelyek meg\u0151rzik a tartalom tulajdons\u00e1gait.<\/span><\/p>\n<p><span style=\"color: #000000\">A csomagol\u00e1s nagyon praktikus \u00e9s \u00fajrahasznos\u00edthat\u00f3.<\/span><\/p>\n<h2><span style=\"color: #000000\">Sz\u00e1rmaz\u00e1s<\/span><\/h2>\n<p style=\"text-align: justify\"><span style=\"color: #000000\">Szlov\u00e9nia<\/span><\/p>\n","protected":false},"excerpt":{"rendered":"<p>A Golden latte egy finom \u00e9s \u00e9l\u00e9nk\u00edt\u0151 ital, amely \u00f6t egyszer\u0171 \u00f6sszetev\u0151b\u0151l k\u00e9sz\u00fcl, a f\u0151 \u00f6sszetev\u0151 a kurkuma. M\u00e1s hozz\u00e1val\u00f3kat is tehet\u00fcnk bele, amiket szeret\u00fcnk \u00e9s k\u00f6zel \u00e1llunk hozz\u00e1. A kurkuma tej fogyaszt\u00e1sa sz\u00e1mos j\u00f3t\u00e9kony hat\u00e1ssal lehet szervezet\u00fcnkre, emellett kellemes \u00edz\u0171. A Golden latte BIO mix egy k\u00e9sz kever\u00e9k, amellyel id\u0151t takar\u00edthat meg az ital elk\u00e9sz\u00edt\u00e9sekor, mivel nem kell agg\u00f3dnia az \u00f6sszes \u00f6sszetev\u0151 mennyis\u00e9g\u00e9nek kim\u00e9r\u00e9s\u00e9vel. K\u00f6nnyen haszn\u00e1lhat\u00f3 \u00e9s remek \u00edz\u0171. A kever\u00e9k kurkum\u00e1b\u00f3l \u00e9s ceyloni fah\u00e9jb\u00f3l (10%) \u00e9s gy\u00f6mb\u00e9rb\u0151l (10%) \u00e1ll. Egy csipet \u0151r\u00f6lt fekete borsot is adunk a kever\u00e9khez, mivel \u00edgy k\u00f6nnyebben \u00e9s jobban felsz\u00edv\u00f3dik a szervezet a kurkuma hat\u00f3anyagait, k\u00fcl\u00f6n\u00f6sen a kurkumint. A kurkumin tej rendszeres fogyaszt\u00e1s\u00e1nak pozit\u00edv hat\u00e1sai a k\u00f6vetkez\u0151k:<\/p>\n<p>\ud83d\udc9a seg\u00edt a b\u00e9lbetegs\u00e9gek kezel\u00e9s\u00e9ben,<br \/>\n\ud83d\udc9a cs\u00f6kkenti a koleszterinszintet,<br \/>\n\ud83d\udc9a tiszt\u00edtsa meg a m\u00e1jat,<br \/>\n\ud83d\udc9a seg\u00edt a menstru\u00e1ci\u00f3s g\u00f6rcs\u00f6kben,<br \/>\n\ud83d\udc9a gyullad\u00e1scs\u00f6kkent\u0151 hat\u00e1sa van.<\/p>\n<p>&nbsp;<\/p>\n","protected":false},"featured_media":6214,"comment_status":"open","ping_status":"closed","template":"","meta":{"_acf_changed":false},"product_brand":[],"product_cat":[224,194,225,195],"product_tag":[],"class_list":{"0":"post-6213","1":"product","2":"type-product","3":"status-publish","4":"has-post-thumbnail","6":"product_cat-ajanlat","7":"product_cat-ajurveda","8":"product_cat-minden-termek","9":"product_cat-szuperelelmiszer","11":"first","12":"instock","13":"sale","14":"taxable","15":"shipping-taxable","16":"purchasable","17":"product-type-simple"},"acf":[],"_links":{"self":[{"href":"https:\/\/fengchashop.com\/hu\/wp-json\/wp\/v2\/product\/6213","targetHints":{"allow":["GET"]}}],"collection":[{"href":"https:\/\/fengchashop.com\/hu\/wp-json\/wp\/v2\/product"}],"about":[{"href":"https:\/\/fengchashop.com\/hu\/wp-json\/wp\/v2\/types\/product"}],"replies":[{"embeddable":true,"href":"https:\/\/fengchashop.com\/hu\/wp-json\/wp\/v2\/comments?post=6213"}],"wp:featuredmedia":[{"embeddable":true,"href":"https:\/\/fengchashop.com\/hu\/wp-json\/wp\/v2\/media\/6214"}],"wp:attachment":[{"href":"https:\/\/fengchashop.com\/hu\/wp-json\/wp\/v2\/media?parent=6213"}],"wp:term":[{"taxonomy":"product_brand","embeddable":true,"href":"https:\/\/fengchashop.com\/hu\/wp-json\/wp\/v2\/product_brand?post=6213"},{"taxonomy":"product_cat","embeddable":true,"href":"https:\/\/fengchashop.com\/hu\/wp-json\/wp\/v2\/product_cat?post=6213"},{"taxonomy":"product_tag","embeddable":true,"href":"https:\/\/fengchashop.com\/hu\/wp-json\/wp\/v2\/product_tag?post=6213"}],"curies":[{"name":"wp","href":"https:\/\/api.w.org\/{rel}","templated":true}]}}

<h2><span style="color: #000000">Golden latte BIO</span></h2>
<p><span style="color: #000000">A Golden latte egy finom és élénkítő ital, amely öt egyszerű összetevőből készül, a fő összetevő a kurkuma. Más hozzávalókat is tehetünk bele, amiket szeretünk és közel állunk hozzá. A kurkuma tej fogyasztása számos jótékony hatással lehet szervezetünkre, emellett kellemes ízű. A Golden latte BIO mix egy kész keverék, amellyel időt takaríthat meg az ital elkészítésekor, mivel nem kell aggódnia az összes összetevő mennyiségének kimérésével. Könnyen használható és remek ízű. A keverék kurkumából és ceyloni fahéjból (10%) és gyömbérből (10%) áll.</span></p>
<p><span style="color: #000000">Csak biotermelésből származó prémium összetevőket választanak ki.</span></p>
<p><span style="color: #000000">Egy csipet őrölt fekete borsot is adunk a keverékhez, mivel így könnyebben és jobban felszívódik a szervezet a kurkuma hatóanyagait, különösen a kurkumint.</span></p>
<p><span style="color: #000000">Az italt elkészítheti tejjel, növényi itallal vagy más folyadékkal. Megihatod reggel vagy este, de általában este, lefekvés előtt a legjobb. Változtasd meg a rituálét, és add át magad a kurkuma gyógyító élvezetének. A kurkuma italok divatos italok az egész világon, mert egyesítik az egészséget és a jó ízt.</span></p>
<p><span style="color: #000000">A mi mixünket pedig az teszi különlegessé, hogy nem adtunk hozzá cukrot vagy más édesítőszert. Ízlés szerint tehetjük bele, vagy egyáltalán nem édesíthetjük az italt, hiszen a fahéj és a kurkuma önmagában is kellemes édességet ad neki.</span></p>
<h2><span style="color: #000000">Miért a kurkuma?</span></h2>
<p><span style="color: #000000">A kurkuma gyógyító hatása a távol-keleti hagyományos orvoslásban felbecsülhetetlen. Többek között fő hatóanyaga, a kurkumin miatt a vér és a gyomor-bél traktus tisztítására, a máj és az epehólyag méregtelenítésére szolgál, mivel felgyorsítja az epe, a bilirubin és a koleszterin kiválasztását. Sokan élvezik a vírusos hepatitis és a rák, a pikkelysömör, az Alzheimer-kór és a depresszió elleni küzdelemben, és kozmetikai készítményekben is használják.</span></p>
<p><span style="color: #000000">A kurkuma jótékony hatását tudósok is bizonyították, akik szerint rendszeres fogyasztásával megelőzhető az élelmiszerekből származó rákkeltő anyagok szervezetre gyakorolt ​​káros hatása. A fentieken túlmenően a kurkumin állítólag megakadályozza a koleszterin oxidációját, amely negatív hatásával az életveszélyes érelmeszesedés progresszióját okozza.</span></p>
<p><span style="color: #000000">Erőteljes antioxidánsként a kurkuma megvédi a beleket a szabad gyököktől és sikeresen megszünteti a test savasságát. Az ayurvédikus orvosok antiszeptikus és antibakteriális szerként használják a sebek és égési sérülések fertőtlenítésére. Egyes nők meg vannak győződve arról, hogy segít felgyorsítani az emésztést és szabályozza az anyagcserét, ezért hatékonyan dobja le a felesleges kilókat.</span></p>
<p><span style="color: #000000">A fahéj elsősorban kellemes ízt ad az italnak. Tejjel kombinálva teljes mértékben kihasználjuk annak minden előnyét, mint például a vércukor- és koleszterinszint csökkentését, valamint a vérnyomás szabályozását. A fahéj a zsíremésztést és az emésztési problémákat, például a hasmenést is segíti. A gyömbér serkenti az emésztést, belülről melegít, javítja az immunitást és felgyorsítja az anyagcserét. Mindkettő enyhíti a PMS tüneteit és a menstruációs görcsöket is.</span></p>
<h2><span style="color: #000000">Milyen egyéb előnyei vannak a kurkuma tej fogyasztásának?</span></h2>
<p><span style="color: #000000">A kurkuma világszerte rendkívül értékes fűszer. Az Ayurvédában több mint 150 lehetséges terápiás hatásra használják. A modern tudományban számos tanulmány tárgya, amelyek közül néhányat már megerősítettek, és gyulladásos bélbetegségek és ízületi gyulladások kezelésére használják. Azok a pozitív hatások, amelyeket a kurkumin tej rendszeres fogyasztása hozhat, ill kurkuma, és a következők:</span></p>
<p><span style="color: #000000">💚 segít a bélbetegségek kezelésében,</span><br />
<span style="color: #000000">💚 csökkenti a koleszterinszintet,</span><br />
<span style="color: #000000">💚 esti italnak kiváló lefekvés előtt, mivel megnyugtat,</span><br />
<span style="color: #000000">💚 fejfájás és fájdalom ellen is hatásos,</span><br />
<span style="color: #000000">💚 segíti az emésztést,</span><br />
<span style="color: #000000">💚 tisztítsa meg a májat</span><br />
<span style="color: #000000">💚 segít a menstruációs görcsökben,</span><br />
<span style="color: #000000">💚 gyulladáscsökkentő hatása van.</span></p>
<h2><span style="color: #000000">Tárolás</span></h2>
<p><span style="color: #000000">Száraz, sötét és hűvös helyen tárolandó. Győződjön meg arról, hogy a zacskó vagy doboz jól le van zárva.</span></p>
<h2><span style="color: #000000">Csomagolás</span></h2>
<p><span style="color: #000000">Légmentesen zárható tasak, amelyben a termék megőrzi minden frissességét és aromáját. A csomagolás véd a fénytől és a levegőtől, mivel több védőrétegből áll, amelyek megőrzik a tartalom tulajdonságait.</span></p>
<p><span style="color: #000000">A csomagolás nagyon praktikus és újrahasznosítható.</span></p>
<h2><span style="color: #000000">Származás</span></h2>
<p style="text-align: justify"><span style="color: #000000">Szlovénia</span></p>

<p>A Golden latte egy finom és élénkítő ital, amely öt egyszerű összetevőből készül, a fő összetevő a kurkuma. Más hozzávalókat is tehetünk bele, amiket szeretünk és közel állunk hozzá. A kurkuma tej fogyasztása számos jótékony hatással lehet szervezetünkre, emellett kellemes ízű. A Golden latte BIO mix egy kész keverék, amellyel időt takaríthat meg az ital elkészítésekor, mivel nem kell aggódnia az összes összetevő mennyiségének kimérésével. Könnyen használható és remek ízű. A keverék kurkumából és ceyloni fahéjból (10%) és gyömbérből (10%) áll. Egy csipet őrölt fekete borsot is adunk a keverékhez, mivel így könnyebben és jobban felszívódik a szervezet a kurkuma hatóanyagait, különösen a kurkumint. A kurkumin tej rendszeres fogyasztásának pozitív hatásai a következők:</p>
<p>💚 segít a bélbetegségek kezelésében,<br />
💚 csökkenti a koleszterinszintet,<br />
💚 tisztítsa meg a májat,<br />
💚 segít a menstruációs görcsökben,<br />
💚 gyulladáscsökkentő hatása van.</p>
<p>&nbsp;</p>
