{"id":6142,"date":"2022-03-11T09:18:33","date_gmt":"2022-03-11T08:18:33","guid":{"rendered":"https:\/\/fengchashop.com\/hu\/product\/magnezium-komplex-por-200-g\/"},"modified":"2026-04-28T08:20:56","modified_gmt":"2026-04-28T06:20:56","slug":"magnezium-komplex-por","status":"publish","type":"product","link":"https:\/\/fengchashop.com\/hu\/product\/magnezium-komplex-por\/","title":{"rendered":"Magn\u00e9zium komplex por 200 g"},"content":{"rendered":"<h2 style=\"text-align: justify\"><span style=\"color: #000000\"><b>Magn\u00e9zium komplex por<\/b><\/span><\/h2>\n<p style=\"text-align: justify\"><span style=\"color: #000000\">A magn\u00e9zium egy rendk\u00edv\u00fcl fontos \u00e1sv\u00e1nyi anyag, amely t\u00f6bb mint 300 anyagcsere-folyamatban vesz r\u00e9szt az emberi testben. Gyakran nevezik &#8222;<b>az \u00e1sv\u00e1nyi anyagok kir\u00e1ly\u00e1nak<\/b>&#8222;, mivel <b>kulcsszerepe van az izmok, az idegrendszer m\u0171k\u00f6d\u00e9s\u00e9ben \u00e9s az eg\u00e9szs\u00e9ges csontok meg\u0151rz\u00e9s\u00e9ben<\/b>. Seg\u00edt megel\u0151zni az izomg\u00f6rcs\u00f6ket, cs\u00f6kkenti a f\u00e1radts\u00e1got \u00e9s a kimer\u00fclts\u00e9get, valamint hozz\u00e1j\u00e1rul a norm\u00e1l pszichol\u00f3giai m\u0171k\u00f6d\u00e9shez. A modern \u00e9let gyors temp\u00f3j\u00e1nak \u2013 stressz, helytelen t\u00e1pl\u00e1lkoz\u00e1s \u00e9s alv\u00e1shi\u00e1ny \u2013 k\u00f6vetkezt\u00e9ben sokan magn\u00e9ziumot tartalmaz\u00f3 \u00e9trend-kieg\u00e9sz\u00edt\u0151kh\u00f6z ny\u00falnak.<\/span><\/p>\n<p style=\"text-align: justify\"><span style=\"color: #000000\">B\u00e1r a magn\u00e9zium term\u00e9szetes m\u00f3don sz\u00e1mos \u00e9lelmiszerben megtal\u00e1lhat\u00f3, mint p\u00e9ld\u00e1ul a z\u00f6ld leveles z\u00f6lds\u00e9gek, di\u00f3f\u00e9l\u00e9k, magvak, halak \u00e9s teljes ki\u0151rl\u00e9s\u0171 gabon\u00e1k, gyakran t\u00f6bbet fogyasztunk bel\u0151le, mint amennyit \u00e9tellel bev\u00fcnk. A magn\u00e9zium ir\u00e1nti megn\u00f6vekedett sz\u00fcks\u00e9gletet a sportol\u00f3k, a terhes n\u0151k, az id\u0151sebbek \u00e9s a fokozott fizikai vagy ment\u00e1lis stressznek kitett egy\u00e9nek tapasztalj\u00e1k.<\/span><\/p>\n<p style=\"text-align: justify\"><span style=\"color: #000000\">A magn\u00e9zium komplex seg\u00edts\u00e9g\u00e9vel optim\u00e1lis t\u00e1mogat\u00e1st biztos\u00edthat a test\u00e9nek a jobb k\u00f6z\u00e9rzet, t\u00f6bb energia \u00e9s az izmok, csontok \u00e9s idegrendszer eg\u00e9szs\u00e9ges m\u0171k\u00f6d\u00e9s\u00e9hez.<\/span><\/p>\n<h2 style=\"text-align: justify\"><span style=\"color: #000000\"><b>Mi\u00e9rt magn\u00e9zium komplex?<\/b><\/span><\/h2>\n<p style=\"text-align: justify\"><span style=\"color: #000000\">A magn\u00e9zium komplex <strong>n\u00e9gy kiv\u00e1l\u00f3 min\u0151s\u00e9g\u0171 magn\u00e9ziumform\u00e1t kombin\u00e1l \u2013 magn\u00e9zium-biszglizin\u00e1t, magn\u00e9zium-citr\u00e1t, magn\u00e9zium-m\u00e1l\u00e1t \u00e9s magn\u00e9zium-taur\u00e1t<\/strong>. Mindegyik forma saj\u00e1t specifikus tulajdons\u00e1gokkal \u00e9s el\u0151ny\u00f6kkel rendelkezik, \u00edgy kombin\u00e1ci\u00f3juk optim\u00e1lis felsz\u00edv\u00f3d\u00e1st \u00e9s hat\u00e9konys\u00e1got biztos\u00edt.<\/span><\/p>\n<h2 style=\"text-align: justify\"><span style=\"color: #000000\"><b>A magn\u00e9zium komplex el\u0151nyei<\/b><\/span><\/h2>\n<p style=\"text-align: justify\"><span style=\"color: #000000\"><b>A magn\u00e9zium:<\/b><\/span><\/p>\n<ul style=\"text-align: justify\">\n<li><span style=\"color: #000000\">seg\u00edt cs\u00f6kkenteni a f\u00e1radts\u00e1got \u00e9s kimer\u00fclts\u00e9get<\/span><\/li>\n<li><span style=\"color: #000000\">hozz\u00e1j\u00e1rul az elektrolit-egyens\u00falyhoz<\/span><\/li>\n<li><span style=\"color: #000000\">seg\u00edt energi\u00e1t felszabad\u00edtani az anyagcser\u00e9ben<\/span><\/li>\n<li><span style=\"color: #000000\">hozz\u00e1j\u00e1rul az idegrendszer m\u0171k\u00f6d\u00e9s\u00e9hez<\/span><\/li>\n<li><span style=\"color: #000000\">hozz\u00e1j\u00e1rul az izmok m\u0171k\u00f6d\u00e9s\u00e9hez<\/span><\/li>\n<li><span style=\"color: #000000\">szerepet j\u00e1tszik a feh\u00e9rjeszint\u00e9zisben<\/span><\/li>\n<li><span style=\"color: #000000\">hozz\u00e1j\u00e1rul a norm\u00e1l pszichol\u00f3giai m\u0171k\u00f6d\u00e9shez<\/span><\/li>\n<li><span style=\"color: #000000\">hozz\u00e1j\u00e1rul az eg\u00e9szs\u00e9ges csontok \u00e9s fogak meg\u0151rz\u00e9s\u00e9hez<\/span><\/li>\n<li><span style=\"color: #000000\">szerepet j\u00e1tszik a sejtoszt\u00f3d\u00e1sban<\/span><\/li>\n<\/ul>\n<p>&nbsp;<\/p>\n<p style=\"text-align: justify\"><span style=\"color: #000000\"><b>B6-vitamin:<\/b><\/span><\/p>\n<ul style=\"text-align: justify\">\n<li><span style=\"color: #000000\">szerepet j\u00e1tszik a cisztein szint\u00e9zis\u00e9ben<\/span><\/li>\n<li><span style=\"color: #000000\">seg\u00edt energi\u00e1t felszabad\u00edtani az anyagcser\u00e9ben<\/span><\/li>\n<li><span style=\"color: #000000\">hozz\u00e1j\u00e1rul az idegrendszer m\u0171k\u00f6d\u00e9s\u00e9hez<\/span><\/li>\n<li><span style=\"color: #000000\">hozz\u00e1j\u00e1rul a homocisztein anyagcser\u00e9j\u00e9hez<\/span><\/li>\n<li><span style=\"color: #000000\">szerepet j\u00e1tszik a feh\u00e9rj\u00e9k \u00e9s glikog\u00e9n anyagcser\u00e9j\u00e9ben<\/span><\/li>\n<li><span style=\"color: #000000\">hozz\u00e1j\u00e1rul a norm\u00e1l pszichol\u00f3giai m\u0171k\u00f6d\u00e9shez<\/span><\/li>\n<li><span style=\"color: #000000\">szerepet j\u00e1tszik a v\u00f6r\u00f6sv\u00e9rsejtek k\u00e9pz\u0151d\u00e9s\u00e9ben<\/span><\/li>\n<li><span style=\"color: #000000\">szerepet j\u00e1tszik az immunrendszer m\u0171k\u00f6d\u00e9s\u00e9ben<\/span><\/li>\n<li><span style=\"color: #000000\">seg\u00edt cs\u00f6kkenteni a f\u00e1radts\u00e1got \u00e9s kimer\u00fclts\u00e9get<\/span><\/li>\n<li><span style=\"color: #000000\">szerepet j\u00e1tszik a hormon\u00e1lis m\u0171k\u00f6d\u00e9s szab\u00e1lyoz\u00e1s\u00e1ban<\/span><\/li>\n<\/ul>\n<p style=\"text-align: justify\"><span style=\"color: #000000\">A megfelel\u0151 magn\u00e9ziumbevitel jelent\u0151sen befoly\u00e1solhatja ezen probl\u00e9m\u00e1k megel\u0151z\u00e9s\u00e9t, \u00e9s jav\u00edthatja a k\u00f6z\u00e9rzetet \u00e9s az eg\u00e9szs\u00e9get.<\/span><\/p>\n<h2 style=\"text-align: justify\"><span style=\"color: #000000\"><b>T\u00e1rol\u00e1s \u00e9s figyelmeztet\u00e9sek<\/b><\/span><\/h2>\n<p style=\"text-align: justify\"><span style=\"color: #000000\">Sz\u00e1raz helyen, 25 \u00b0C-ig t\u00e1rolja, v\u00e9dve a nedvess\u00e9gt\u0151l \u00e9s a f\u00e9nyt\u0151l. \u00dcgyeljen arra, hogy a zacsk\u00f3 vagy a doboz j\u00f3l le legyen z\u00e1rva.<\/span><\/p>\n<p style=\"text-align: justify\"><span style=\"color: #000000\">A term\u00e9k nem alkalmas gyermekek, serd\u00fcl\u0151k, terhes \u00e9s szoptat\u00f3 any\u00e1k sz\u00e1m\u00e1ra. Cukorbetegek, gl\u00fck\u00f3zintoleranci\u00e1ban szenved\u0151k, kumarinszer\u0171 antikoagul\u00e1nsokkal kezelt betegek, valamint ismert sz\u00edv- \u00e9s \u00e9rrendszeri betegs\u00e9gekkel k\u00fczd\u0151k \u00e9s asztm\u00e1sok konzult\u00e1ljanak orvosukkal a term\u00e9k haszn\u00e1lata el\u0151tt. Ha h\u00e1nyinger, hasi f\u00e1jdalom, rossz em\u00e9szt\u00e9s, hasmen\u00e9s, sz\u00e9kreked\u00e9s, sz\u00e9d\u00fcl\u00e9s, \u00e1lmoss\u00e1g, fejf\u00e1j\u00e1s, b\u0151rki\u00fct\u00e9s, viszket\u00e9s vagy b\u0151rp\u00edr jelentkezik, hagyja abba a term\u00e9k szed\u00e9s\u00e9t.<\/span><\/p>\n<h2 style=\"text-align: justify\"><span style=\"color: #000000\"><b>Csomagol\u00e1s<\/b><\/span><\/h2>\n<p style=\"text-align: justify\"><span style=\"color: #000000\">L\u00e9gmentesen z\u00e1rhat\u00f3 tasak vagy doboz, amely meg\u0151rzi a term\u00e9k frissess\u00e9g\u00e9t \u00e9s \u00edz\u00e9t. A csomagol\u00e1s v\u00e9di a f\u00e9nyt\u0151l \u00e9s a leveg\u0151t\u0151l. T\u00f6bbr\u00e9teg\u0171 v\u00e9d\u0151csomagol\u00e1s, amely meg\u0151rzi a term\u00e9k tulajdons\u00e1gait.<\/span><\/p>\n<p><span style=\"color: #000000\">A csomagol\u00e1s nagyon praktikus \u00e9s \u00fajrahasznos\u00edthat\u00f3.<\/span><\/p>\n<h2 style=\"text-align: justify\"><span style=\"color: #000000\"><b>Eredet<\/b><\/span><\/h2>\n<p style=\"text-align: justify\"><span style=\"color: #000000\">A magn\u00e9zium komplex \u00f6sszetev\u0151i az EU-n bel\u00fclr\u0151l \u00e9s k\u00edv\u00fclr\u0151l sz\u00e1rmaznak, gondosan v\u00e1logatva a legmagasabb min\u0151s\u00e9g biztos\u00edt\u00e1sa \u00e9rdek\u00e9ben.<\/span><\/p>\n","protected":false},"excerpt":{"rendered":"<p align=\"JUSTIFY\"><span style=\"color: #000000\">A magn\u00e9zium komplex \u00f6tv\u00f6zi<strong> a magn\u00e9zium n\u00e9gy kiv\u00e1l\u00f3 min\u0151s\u00e9g\u0171 form\u00e1j\u00e1t \u2013 magn\u00e9zium-biszglicin\u00e1tot, magn\u00e9zium-citr\u00e1tot, magn\u00e9zium-mal\u00e1tot \u00e9s magn\u00e9zium-taur\u00e1tot.<\/strong><\/span><\/p>\n<p>\ud83d\udc9a Hozz\u00e1j\u00e1rul a f\u00e1radts\u00e1g \u00e9s kimer\u00fclts\u00e9g cs\u00f6kkent\u00e9s\u00e9hez.<br \/>\n\ud83d\udc9aT\u00e1mogatja az elektrolit egyens\u00falyt, amire k\u00fcl\u00f6n\u00f6sen a fizikai megterhel\u00e9s sor\u00e1n van sz\u00fcks\u00e9g\u00fcnk.<br \/>\n\ud83d\udc9a J\u00f3t\u00e9kony hat\u00e1ssal van az idegrendszerre.<br \/>\n\ud83d\udc9a Hozz\u00e1j\u00e1rul a norm\u00e1l izomm\u0171k\u00f6d\u00e9shez \u00e9s a norm\u00e1l pszichol\u00f3giai funkci\u00f3khoz.<br \/>\n\ud83d\udc9a Fenntartja az eg\u00e9szs\u00e9ges csontokat \u00e9s fogakat.<\/p>\n","protected":false},"featured_media":6144,"comment_status":"open","ping_status":"closed","template":"","meta":{"_acf_changed":false},"product_brand":[],"product_cat":[224,203,228,225],"product_tag":[],"class_list":{"0":"post-6142","1":"product","2":"type-product","3":"status-publish","4":"has-post-thumbnail","6":"product_cat-ajanlat","7":"product_cat-asvanyi-anyagok-es-vitaminok","8":"product_cat-legkeresettebb","9":"product_cat-minden-termek","11":"first","12":"instock","13":"sale","14":"taxable","15":"shipping-taxable","16":"purchasable","17":"product-type-simple"},"acf":[],"_links":{"self":[{"href":"https:\/\/fengchashop.com\/hu\/wp-json\/wp\/v2\/product\/6142","targetHints":{"allow":["GET"]}}],"collection":[{"href":"https:\/\/fengchashop.com\/hu\/wp-json\/wp\/v2\/product"}],"about":[{"href":"https:\/\/fengchashop.com\/hu\/wp-json\/wp\/v2\/types\/product"}],"replies":[{"embeddable":true,"href":"https:\/\/fengchashop.com\/hu\/wp-json\/wp\/v2\/comments?post=6142"}],"wp:featuredmedia":[{"embeddable":true,"href":"https:\/\/fengchashop.com\/hu\/wp-json\/wp\/v2\/media\/6144"}],"wp:attachment":[{"href":"https:\/\/fengchashop.com\/hu\/wp-json\/wp\/v2\/media?parent=6142"}],"wp:term":[{"taxonomy":"product_brand","embeddable":true,"href":"https:\/\/fengchashop.com\/hu\/wp-json\/wp\/v2\/product_brand?post=6142"},{"taxonomy":"product_cat","embeddable":true,"href":"https:\/\/fengchashop.com\/hu\/wp-json\/wp\/v2\/product_cat?post=6142"},{"taxonomy":"product_tag","embeddable":true,"href":"https:\/\/fengchashop.com\/hu\/wp-json\/wp\/v2\/product_tag?post=6142"}],"curies":[{"name":"wp","href":"https:\/\/api.w.org\/{rel}","templated":true}]}}

Magnézium komplex por 200 g

<h2 style="text-align: justify"><span style="color: #000000"><b>Magnézium komplex por</b></span></h2>
<p style="text-align: justify"><span style="color: #000000">A magnézium egy rendkívül fontos ásványi anyag, amely több mint 300 anyagcsere-folyamatban vesz részt az emberi testben. Gyakran nevezik &#8222;<b>az ásványi anyagok királyának</b>&#8222;, mivel <b>kulcsszerepe van az izmok, az idegrendszer működésében és az egészséges csontok megőrzésében</b>. Segít megelőzni az izomgörcsöket, csökkenti a fáradtságot és a kimerültséget, valamint hozzájárul a normál pszichológiai működéshez. A modern élet gyors tempójának – stressz, helytelen táplálkozás és alváshiány – következtében sokan magnéziumot tartalmazó étrend-kiegészítőkhöz nyúlnak.</span></p>
<p style="text-align: justify"><span style="color: #000000">Bár a magnézium természetes módon számos élelmiszerben megtalálható, mint például a zöld leveles zöldségek, diófélék, magvak, halak és teljes kiőrlésű gabonák, gyakran többet fogyasztunk belőle, mint amennyit étellel bevünk. A magnézium iránti megnövekedett szükségletet a sportolók, a terhes nők, az idősebbek és a fokozott fizikai vagy mentális stressznek kitett egyének tapasztalják.</span></p>
<p style="text-align: justify"><span style="color: #000000">A magnézium komplex segítségével optimális támogatást biztosíthat a testének a jobb közérzet, több energia és az izmok, csontok és idegrendszer egészséges működéséhez.</span></p>
<h2 style="text-align: justify"><span style="color: #000000"><b>Miért magnézium komplex?</b></span></h2>
<p style="text-align: justify"><span style="color: #000000">A magnézium komplex <strong>négy kiváló minőségű magnéziumformát kombinál – magnézium-biszglizinát, magnézium-citrát, magnézium-málát és magnézium-taurát</strong>. Mindegyik forma saját specifikus tulajdonságokkal és előnyökkel rendelkezik, így kombinációjuk optimális felszívódást és hatékonyságot biztosít.</span></p>
<h2 style="text-align: justify"><span style="color: #000000"><b>A magnézium komplex előnyei</b></span></h2>
<p style="text-align: justify"><span style="color: #000000"><b>A magnézium:</b></span></p>
<ul style="text-align: justify">
<li><span style="color: #000000">segít csökkenteni a fáradtságot és kimerültséget</span></li>
<li><span style="color: #000000">hozzájárul az elektrolit-egyensúlyhoz</span></li>
<li><span style="color: #000000">segít energiát felszabadítani az anyagcserében</span></li>
<li><span style="color: #000000">hozzájárul az idegrendszer működéséhez</span></li>
<li><span style="color: #000000">hozzájárul az izmok működéséhez</span></li>
<li><span style="color: #000000">szerepet játszik a fehérjeszintézisben</span></li>
<li><span style="color: #000000">hozzájárul a normál pszichológiai működéshez</span></li>
<li><span style="color: #000000">hozzájárul az egészséges csontok és fogak megőrzéséhez</span></li>
<li><span style="color: #000000">szerepet játszik a sejtosztódásban</span></li>
</ul>
<p>&nbsp;</p>
<p style="text-align: justify"><span style="color: #000000"><b>B6-vitamin:</b></span></p>
<ul style="text-align: justify">
<li><span style="color: #000000">szerepet játszik a cisztein szintézisében</span></li>
<li><span style="color: #000000">segít energiát felszabadítani az anyagcserében</span></li>
<li><span style="color: #000000">hozzájárul az idegrendszer működéséhez</span></li>
<li><span style="color: #000000">hozzájárul a homocisztein anyagcseréjéhez</span></li>
<li><span style="color: #000000">szerepet játszik a fehérjék és glikogén anyagcseréjében</span></li>
<li><span style="color: #000000">hozzájárul a normál pszichológiai működéshez</span></li>
<li><span style="color: #000000">szerepet játszik a vörösvérsejtek képződésében</span></li>
<li><span style="color: #000000">szerepet játszik az immunrendszer működésében</span></li>
<li><span style="color: #000000">segít csökkenteni a fáradtságot és kimerültséget</span></li>
<li><span style="color: #000000">szerepet játszik a hormonális működés szabályozásában</span></li>
</ul>
<p style="text-align: justify"><span style="color: #000000">A megfelelő magnéziumbevitel jelentősen befolyásolhatja ezen problémák megelőzését, és javíthatja a közérzetet és az egészséget.</span></p>
<h2 style="text-align: justify"><span style="color: #000000"><b>Tárolás és figyelmeztetések</b></span></h2>
<p style="text-align: justify"><span style="color: #000000">Száraz helyen, 25 °C-ig tárolja, védve a nedvességtől és a fénytől. Ügyeljen arra, hogy a zacskó vagy a doboz jól le legyen zárva.</span></p>
<p style="text-align: justify"><span style="color: #000000">A termék nem alkalmas gyermekek, serdülők, terhes és szoptató anyák számára. Cukorbetegek, glükózintoleranciában szenvedők, kumarinszerű antikoagulánsokkal kezelt betegek, valamint ismert szív- és érrendszeri betegségekkel küzdők és asztmások konzultáljanak orvosukkal a termék használata előtt. Ha hányinger, hasi fájdalom, rossz emésztés, hasmenés, székrekedés, szédülés, álmosság, fejfájás, bőrkiütés, viszketés vagy bőrpír jelentkezik, hagyja abba a termék szedését.</span></p>
<h2 style="text-align: justify"><span style="color: #000000"><b>Csomagolás</b></span></h2>
<p style="text-align: justify"><span style="color: #000000">Légmentesen zárható tasak vagy doboz, amely megőrzi a termék frissességét és ízét. A csomagolás védi a fénytől és a levegőtől. Többrétegű védőcsomagolás, amely megőrzi a termék tulajdonságait.</span></p>
<p><span style="color: #000000">A csomagolás nagyon praktikus és újrahasznosítható.</span></p>
<h2 style="text-align: justify"><span style="color: #000000"><b>Eredet</b></span></h2>
<p style="text-align: justify"><span style="color: #000000">A magnézium komplex összetevői az EU-n belülről és kívülről származnak, gondosan válogatva a legmagasabb minőség biztosítása érdekében.</span></p>

<p align="JUSTIFY"><span style="color: #000000">A magnézium komplex ötvözi<strong> a magnézium négy kiváló minőségű formáját – magnézium-biszglicinátot, magnézium-citrátot, magnézium-malátot és magnézium-taurátot.</strong></span></p>
<p>💚 Hozzájárul a fáradtság és kimerültség csökkentéséhez.<br />
💚Támogatja az elektrolit egyensúlyt, amire különösen a fizikai megterhelés során van szükségünk.<br />
💚 Jótékony hatással van az idegrendszerre.<br />
💚 Hozzájárul a normál izomműködéshez és a normál pszichológiai funkciókhoz.<br />
💚 Fenntartja az egészséges csontokat és fogakat.</p>
