{"id":6046,"date":"2022-03-03T09:56:17","date_gmt":"2022-03-03T08:56:17","guid":{"rendered":"https:\/\/fengchashop.com\/hu\/product\/amla-por-bio-250-g\/"},"modified":"2026-04-29T22:21:22","modified_gmt":"2026-04-29T20:21:22","slug":"amla-por-bio","status":"publish","type":"product","link":"https:\/\/fengchashop.com\/hu\/product\/amla-por-bio\/","title":{"rendered":"Amla por BIO 250 g"},"content":{"rendered":"<h2><span style=\"color: #000000\">Amla por BIO<\/span><\/h2>\n<p><span style=\"color: #000000\">Az Amla <strong>amalaki vagy indiai egres<\/strong> n\u00e9ven is ismert. Az amla <\/span><span style=\"color: #000000\">az egreshez hasonl\u00f3 z\u00f6ld gy\u00fcm\u00f6lcs, amelynek \u00e9rdekes \u00e9des-savany\u00fa \u00edze van. <\/span><span style=\"color: #000000\">Az Ayurv\u00e9d\u00e1ban <strong>a fiatals\u00e1g \u00e9s a sz\u00e9ps\u00e9g<\/strong> gy\u00fcm\u00f6lcs\u00e9nek <\/span><span style=\"color: #000000\">tartj\u00e1k. Keleten az aml\u00e1t Isten aj\u00e1nd\u00e9kak\u00e9nt magasztalj\u00e1k. Az indiai <\/span><span style=\"color: #000000\">szubkontinens alacsony hegyvid\u00e9kein tal\u00e1lhat\u00f3. Az amla gy\u00fcm\u00f6lcs\u00e9t <\/span><span style=\"color: #000000\">megsz\u00e1r\u00edtj\u00e1k, \u00e9s finom porr\u00e1 \u0151rlik. Az Ayurveda szerint az amla <\/span><span style=\"color: #000000\">egyens\u00falyban tartja mindh\u00e1rom \u00e9letenergi\u00e1t (v\u00e1ta, pitta \u00e9s kapha).<\/span><\/p>\n<p><span style=\"color: #000000\">Az amla rendk\u00edv\u00fcl <strong>gazdag C-vitaminban<\/strong> (kb. 4 g van 100 g <\/span><span style=\"color: #000000\">porban). <\/span><span style=\"color: #000000\">Emellett sz\u00e1mos <strong>antioxid\u00e1nst, tannint, flavonoidot, lipidet, vitamint, \u00e1sv\u00e1nyi anyagot \u00e9s egy\u00e9b ill\u00f3olajokat <\/strong>tartalmaz.<\/span><\/p>\n<p><span style=\"color: #000000\">Hat\u00e1sai:<\/span><\/p>\n<p><span style=\"color: #000000\">\ud83d\udc9a jav\u00edtja az <strong>immunrendszert<\/strong>,<\/span><\/p>\n<p><span style=\"color: #000000\">\ud83d\udc9a <strong>megfiatal\u00edt<\/strong> (\u00f6reged\u00e9sg\u00e1tl\u00f3 hat\u00e1s),<\/span><\/p>\n<p><span style=\"color: #000000\">\ud83d\udc9a er\u0151s\u00edti <strong>a szivet \u00e9s az \u00e9rrendszert,<\/strong><\/span><\/p>\n<p><span style=\"color: #000000\">\ud83d\udc9a<strong> el\u0151seg\u00edti a haj n\u00f6veked\u00e9s\u00e9t,<\/strong><\/span><\/p>\n<p><span style=\"color: #000000\">\ud83d\udc9a tiszt\u00edtja \u00e9s <strong>hidrat\u00e1lja a b\u0151rt,<\/strong><\/span><\/p>\n<p><span style=\"color: #000000\">\ud83d\udc9a<strong> jav\u00edtja az em\u00e9szt\u00e9st<\/strong> \u00e9s enyhe v\u00edzhajt\u00f3k\u00e9nt hat,<\/span><\/p>\n<p><span style=\"color: #000000\">\ud83d\udc9a<strong>v\u00edrusellenes \u00e9s antibakteri\u00e1lis<\/strong> hat\u00e1s\u00fa,<\/span><\/p>\n<p><span style=\"color: #000000\">\ud83d\udc9a<strong> elpuszt\u00edtja a szabadgy\u00f6k\u00f6ket. <\/strong><\/span><\/p>\n<p><span style=\"color: #000000\">Hagyom\u00e1nyosan a <strong>fejb\u0151rprobl\u00e9m\u00e1k \u00e9s a szennyezett b\u0151r kezel\u00e9s\u00e9re is alkalmazz\u00e1k<\/strong>. K\u00e9sz\u00edthet\u00fcnk bel\u0151le paszt\u00e1kat is fejb\u0151rre vagy arcmaszkhoz. <\/span><span style=\"color: #000000\"><strong>Hat\u00e9konyan a hajhull\u00e1s ellen, er\u0151s\u00edti a fejb\u0151rt \u00e9s rendszeres haszn\u00e1lat mellett visszaadhatja az \u0151sz haj sz\u00edn\u00e9t. <\/strong>T\u00f6k\u00e9letesen keveredik m\u00e1s term\u00e9szetes hajfest\u00e9kekkel.<\/span><\/p>\n<p><span style=\"color: #000000\"><strong>Rugalmasabb\u00e1 teszi \u00e9s tiszt\u00edtja a b\u0151rt, valamint megakad\u00e1lyozza a<br \/>\nr\u00e1ncok kialakul\u00e1s\u00e1t.<\/strong><\/span><\/p>\n<h2><span style=\"color: #000000\">T\u00e1rol\u00e1s \u00e9s figyelmeztet\u00e9sek<\/span><\/h2>\n<p><span style=\"color: #000000\">Sz\u00e1raz \u00e9s h\u0171v\u00f6s helyen t\u00e1roland\u00f3. A t\u00e1pl\u00e1l\u00e9k-kieg\u00e9sz\u00edt\u0151t gyermekekt\u0151l <\/span><span style=\"color: #000000\">elz\u00e1rva kell tartani! Ne feledkezz\u00fcnk meg a v\u00e1ltozatos \u00e9trend \u00e9s az <\/span><span style=\"color: #000000\">eg\u00e9szs\u00e9ges \u00e9letm\u00f3d fontoss\u00e1g\u00e1r\u00f3l, az \u00e9trend-kieg\u00e9sz\u00edt\u0151 ez\u00e9rt nem <\/span><span style=\"color: #000000\">helyettes\u00edti a kiegyens\u00falyozott \u00e9s v\u00e1ltozatos \u00e9trendet. Az aj\u00e1nlott napi <\/span><span style=\"color: #000000\">mennyis\u00e9get vagy adagot nem szabad t\u00fall\u00e9pni. Terhes \u00e9s szoptat\u00f3 any\u00e1knak <\/span><span style=\"color: #000000\">mindig tan\u00e1csos orvoshoz fordulni haszn\u00e1lat el\u0151tt.<\/span><\/p>\n<h2><span style=\"color: #000000\">Csomagol\u00e1s<\/span><\/h2>\n<p><span style=\"color: #000000\">L\u00e9gmentesen z\u00e1rhat\u00f3 tasak, amelyben a term\u00e9k meg\u0151rzi minden frissess\u00e9g\u00e9t \u00e9s <\/span><span style=\"color: #000000\">arom\u00e1j\u00e1t. A csomagol\u00e1s v\u00e9d a f\u00e9nyt\u0151l \u00e9s a leveg\u0151t\u0151l, mivel t\u00f6bb <\/span><span style=\"color: #000000\">v\u00e9d\u0151r\u00e9tegb\u0151l \u00e1ll, amelyek meg\u0151rzik a tartalom tulajdons\u00e1gait. A csomagol\u00e1s <\/span><span style=\"color: #000000\">nagyon praktikus \u00e9s \u00fajrahasznos\u00edthat\u00f3.<\/span><\/p>\n<h2><span style=\"color: #000000\">Sz\u00e1rmaz\u00e1si orsz\u00e1g<\/span><\/h2>\n<p><span style=\"color: #000000\">India<\/span><\/p>\n","protected":false},"excerpt":{"rendered":"<p><span style=\"color: #000000\">Az Amla amalaki vagy indiai egres n\u00e9ven is ismert. Az amla az egreshez <\/span><span style=\"color: #000000\">hasonl\u00f3 z\u00f6ld gy\u00fcm\u00f6lcs, amelynek \u00e9rdekes \u00e9des-savany\u00fa \u00edze van. Az <\/span><span style=\"color: #000000\">Ayurv\u00e9d\u00e1ban a fiatals\u00e1g \u00e9s a sz\u00e9ps\u00e9g gy\u00fcm\u00f6lcs\u00e9nek tartj\u00e1k. Keleten az aml\u00e1t <\/span><span style=\"color: #000000\">Isten aj\u00e1nd\u00e9kak\u00e9nt magasztalj\u00e1k, hisz:<\/span><\/p>\n<p><span style=\"color: #000000\">\ud83d\udc9a serkenti a hajn\u00f6veked\u00e9st,<\/span><\/p>\n<p><span style=\"color: #000000\">\ud83d\udc9a tiszt\u00edtja \u00e9s hidrat\u00e1lja a b\u0151rt,<\/span><\/p>\n<p><span style=\"color: #000000\">\ud83d\udc9a er\u0151s\u00edti az immunrendszert,<\/span><\/p>\n<p><span style=\"color: #000000\">\ud83d\udc9a fiatal\u00edt.<\/span><\/p>\n","protected":false},"featured_media":6047,"comment_status":"open","ping_status":"closed","template":"","meta":{"_acf_changed":false},"product_brand":[],"product_cat":[224,194,225,195],"product_tag":[],"class_list":{"0":"post-6046","1":"product","2":"type-product","3":"status-publish","4":"has-post-thumbnail","6":"product_cat-ajanlat","7":"product_cat-ajurveda","8":"product_cat-minden-termek","9":"product_cat-szuperelelmiszer","11":"first","12":"instock","13":"sale","14":"taxable","15":"shipping-taxable","16":"purchasable","17":"product-type-simple"},"acf":[],"_links":{"self":[{"href":"https:\/\/fengchashop.com\/hu\/wp-json\/wp\/v2\/product\/6046","targetHints":{"allow":["GET"]}}],"collection":[{"href":"https:\/\/fengchashop.com\/hu\/wp-json\/wp\/v2\/product"}],"about":[{"href":"https:\/\/fengchashop.com\/hu\/wp-json\/wp\/v2\/types\/product"}],"replies":[{"embeddable":true,"href":"https:\/\/fengchashop.com\/hu\/wp-json\/wp\/v2\/comments?post=6046"}],"wp:featuredmedia":[{"embeddable":true,"href":"https:\/\/fengchashop.com\/hu\/wp-json\/wp\/v2\/media\/6047"}],"wp:attachment":[{"href":"https:\/\/fengchashop.com\/hu\/wp-json\/wp\/v2\/media?parent=6046"}],"wp:term":[{"taxonomy":"product_brand","embeddable":true,"href":"https:\/\/fengchashop.com\/hu\/wp-json\/wp\/v2\/product_brand?post=6046"},{"taxonomy":"product_cat","embeddable":true,"href":"https:\/\/fengchashop.com\/hu\/wp-json\/wp\/v2\/product_cat?post=6046"},{"taxonomy":"product_tag","embeddable":true,"href":"https:\/\/fengchashop.com\/hu\/wp-json\/wp\/v2\/product_tag?post=6046"}],"curies":[{"name":"wp","href":"https:\/\/api.w.org\/{rel}","templated":true}]}}

<h2><span style="color: #000000">Amla por BIO</span></h2>
<p><span style="color: #000000">Az Amla <strong>amalaki vagy indiai egres</strong> néven is ismert. Az amla </span><span style="color: #000000">az egreshez hasonló zöld gyümölcs, amelynek érdekes édes-savanyú íze van. </span><span style="color: #000000">Az Ayurvédában <strong>a fiatalság és a szépség</strong> gyümölcsének </span><span style="color: #000000">tartják. Keleten az amlát Isten ajándékaként magasztalják. Az indiai </span><span style="color: #000000">szubkontinens alacsony hegyvidékein található. Az amla gyümölcsét </span><span style="color: #000000">megszárítják, és finom porrá őrlik. Az Ayurveda szerint az amla </span><span style="color: #000000">egyensúlyban tartja mindhárom életenergiát (váta, pitta és kapha).</span></p>
<p><span style="color: #000000">Az amla rendkívül <strong>gazdag C-vitaminban</strong> (kb. 4 g van 100 g </span><span style="color: #000000">porban). </span><span style="color: #000000">Emellett számos <strong>antioxidánst, tannint, flavonoidot, lipidet, vitamint, ásványi anyagot és egyéb illóolajokat </strong>tartalmaz.</span></p>
<p><span style="color: #000000">Hatásai:</span></p>
<p><span style="color: #000000">💚 javítja az <strong>immunrendszert</strong>,</span></p>
<p><span style="color: #000000">💚 <strong>megfiatalít</strong> (öregedésgátló hatás),</span></p>
<p><span style="color: #000000">💚 erősíti <strong>a szivet és az érrendszert,</strong></span></p>
<p><span style="color: #000000">💚<strong> elősegíti a haj növekedését,</strong></span></p>
<p><span style="color: #000000">💚 tisztítja és <strong>hidratálja a bőrt,</strong></span></p>
<p><span style="color: #000000">💚<strong> javítja az emésztést</strong> és enyhe vízhajtóként hat,</span></p>
<p><span style="color: #000000">💚<strong>vírusellenes és antibakteriális</strong> hatású,</span></p>
<p><span style="color: #000000">💚<strong> elpusztítja a szabadgyököket. </strong></span></p>
<p><span style="color: #000000">Hagyományosan a <strong>fejbőrproblémák és a szennyezett bőr kezelésére is alkalmazzák</strong>. Készíthetünk belőle pasztákat is fejbőrre vagy arcmaszkhoz. </span><span style="color: #000000"><strong>Hatékonyan a hajhullás ellen, erősíti a fejbőrt és rendszeres használat mellett visszaadhatja az ősz haj színét. </strong>Tökéletesen keveredik más természetes hajfestékekkel.</span></p>
<p><span style="color: #000000"><strong>Rugalmasabbá teszi és tisztítja a bőrt, valamint megakadályozza a<br />
ráncok kialakulását.</strong></span></p>
<h2><span style="color: #000000">Tárolás és figyelmeztetések</span></h2>
<p><span style="color: #000000">Száraz és hűvös helyen tárolandó. A táplálék-kiegészítőt gyermekektől </span><span style="color: #000000">elzárva kell tartani! Ne feledkezzünk meg a változatos étrend és az </span><span style="color: #000000">egészséges életmód fontosságáról, az étrend-kiegészítő ezért nem </span><span style="color: #000000">helyettesíti a kiegyensúlyozott és változatos étrendet. Az ajánlott napi </span><span style="color: #000000">mennyiséget vagy adagot nem szabad túllépni. Terhes és szoptató anyáknak </span><span style="color: #000000">mindig tanácsos orvoshoz fordulni használat előtt.</span></p>
<h2><span style="color: #000000">Csomagolás</span></h2>
<p><span style="color: #000000">Légmentesen zárható tasak, amelyben a termék megőrzi minden frissességét és </span><span style="color: #000000">aromáját. A csomagolás véd a fénytől és a levegőtől, mivel több </span><span style="color: #000000">védőrétegből áll, amelyek megőrzik a tartalom tulajdonságait. A csomagolás </span><span style="color: #000000">nagyon praktikus és újrahasznosítható.</span></p>
<h2><span style="color: #000000">Származási ország</span></h2>
<p><span style="color: #000000">India</span></p>

<p><span style="color: #000000">Az Amla amalaki vagy indiai egres néven is ismert. Az amla az egreshez </span><span style="color: #000000">hasonló zöld gyümölcs, amelynek érdekes édes-savanyú íze van. Az </span><span style="color: #000000">Ayurvédában a fiatalság és a szépség gyümölcsének tartják. Keleten az amlát </span><span style="color: #000000">Isten ajándékaként magasztalják, hisz:</span></p>
<p><span style="color: #000000">💚 serkenti a hajnövekedést,</span></p>
<p><span style="color: #000000">💚 tisztítja és hidratálja a bőrt,</span></p>
<p><span style="color: #000000">💚 erősíti az immunrendszert,</span></p>
<p><span style="color: #000000">💚 fiatalít.</span></p>
