{"id":6021,"date":"2022-02-22T16:28:02","date_gmt":"2022-02-22T15:28:02","guid":{"rendered":"https:\/\/fengchashop.com\/hu\/product\/kollagen-msm-c-vitamin-por-250-g\/"},"modified":"2026-04-30T16:06:37","modified_gmt":"2026-04-30T14:06:37","slug":"kollagen-msm-c-vitamin-por","status":"publish","type":"product","link":"https:\/\/fengchashop.com\/hu\/product\/kollagen-msm-c-vitamin-por\/","title":{"rendered":"Kollag\u00e9n + MSM + C-vitamin por 250 g"},"content":{"rendered":"<h2><span style=\"color: #000000\">Kollag\u00e9n + MSM + C-vitamin por<\/span><\/h2>\n<p><span style=\"color: #000000\">Hogy gondoskojunk eg\u00e9szs\u00e9g\u00e9r\u0151l \u00e9s sz\u00e9ps\u00e9g\u00e9r\u0151l, k\u00e9sz\u00edtett\u00fcnk egy eg\u00e9szen k\u00fcl\u00f6nleges \u00e9trend-kieg\u00e9sz\u00edt\u0151 kever\u00e9ket, amelyre szerint\u00fcnk el\u0151bb-ut\u00f3bb szinte mindenkinek sz\u00fcks\u00e9ge lesz \u2013 a szervezet\u00fcnk h\u00e1l\u00e1s lesz \u00e9rte, b\u0151r\u00fcnk pedig egyszer\u0171en ragyogni fog. Ez egy \u00fajabb term\u00e9k sz\u00e9les v\u00e1laszt\u00e9kunkb\u00f3l, amely a modern ember ig\u00e9nyeit szem el\u0151tt tartva j\u00f6tt l\u00e9tre, aki csak a legjobbat fogadja el a term\u00e9szetb\u0151l.<\/span><\/p>\n<p><span style=\"color: #000000\">K\u00f6ztudott, hogy 25 \u00e9ves kor ut\u00e1n a saj\u00e1t kollag\u00e9ntermel\u00e9s \u00e9vente k\u00f6r\u00fclbel\u00fcl 1%-kal cs\u00f6kkenni kezd. A kollag\u00e9n fokozatos cs\u00f6kken\u00e9s\u00e9nek k\u00f6vetkezm\u00e9nyei viszont csak k\u00e9s\u0151bb l\u00e1that\u00f3ak, hiszen ak\u00e1r 10 \u00e9vbe is telhet, mire \u00e9szrevessz\u00fck az els\u0151 l\u00e1that\u00f3 jeleket, m\u00edg a csontok, a b\u0151r, a v\u00e9n\u00e1k, az izmok, a haj \u00e9s a k\u00f6rm\u00f6k bels\u0151 szerkezet\u00e9nek v\u00e1ltoz\u00e1sai m\u00e1r kor\u00e1bban is jelentkeznek. Teh\u00e1t az els\u0151 r\u00e1ncok, amelyeket az arcon l\u00e1tunk, az \u00e9vekkel ezel\u0151tti cs\u00f6kkent kollag\u00e9ntermel\u00e9s eredm\u00e9nye. \u00c9s mivel<strong> a kollag\u00e9n a csontok, a b\u0151r, a fogak, az erek, a porcok \u00e9s az \u00edny norm\u00e1l m\u0171k\u00f6d\u00e9s\u00e9\u00e9rt is felel\u0151s<\/strong>, egy\u00e9rtelm\u0171, hogy hi\u00e1nya hat\u00e1ssal van mindezen ter\u00fcletekre. A kollag\u00e9n <strong>hozz\u00e1j\u00e1rul a b\u00e9lrendszer eg\u00e9szs\u00e9ges m\u0171k\u00f6d\u00e9s\u00e9hez is<\/strong>, amit\u0151l gyakran f\u00fcgg \u00e1ltal\u00e1nos eg\u00e9szs\u00e9g\u00fcnk \u00e9s j\u00f3l\u00e9t\u00fcnk.<\/span><\/p>\n<p><span style=\"color: #000000\">A hidroliz\u00e1lt kollag\u00e9n fogyaszt\u00e1sa az egy\u00e9bk\u00e9nt eg\u00e9szs\u00e9ges \u00e9s kiegyens\u00falyozott \u00e9trend, valamint az akt\u00edv \u00e9letm\u00f3d mellett 30 \u00e9ves kor ut\u00e1n aj\u00e1nlott. Ez\u00e9rt a b\u0151r, a haj \u00e9s a k\u00f6r\u00f6m eg\u00e9szs\u00e9ges megjelen\u00e9se, valamint az eg\u00e9szs\u00e9ges \u00e9s er\u0151s csontok, fogak \u00e9s \u00edz\u00fcletek \u00e9rdek\u00e9ben k\u00e9sz\u00edtett\u00fcnk egy tov\u00e1bbfejlesztett kever\u00e9ket, amely nemcsak kollag\u00e9nt, hanem MSM, azaz szerves k\u00e9nsavat is tartalmaz, ami<strong> a sz\u00e9ps\u00e9g \u00e1sv\u00e1nya<\/strong> n\u00e9ven is ismert, \u00e9s szint\u00e9n pozit\u00edv hat\u00e1ssal van a b\u0151r\u00fcnkre, a hajunkra, a k\u00f6rm\u00fcnkre, az \u00edz\u00fcleteinkre \u00e9s a csontjainkra. Sejtjeink \u00e9p\u00edt\u0151k\u00f6ve \u00e9s egy teljesen term\u00e9szetes, emberspecifikus komponens, melynek k\u00e9pz\u0151d\u00e9se szint\u00e9n cs\u00f6kken az \u00e9letkorral. Mivel a C-vitamin az MSM m\u0171k\u00f6d\u00e9s\u00e9hez \u00e9s a szervezet\u00fcnkben zajl\u00f3 legt\u00f6bb folyamathoz is nagyon fontos \u2013 k\u00fcl\u00f6n\u00f6sen <strong> antioxid\u00e1nsk\u00e9nt<\/strong>, amely t\u00f6bbek k\u00f6z\u00f6tt lehet\u0151v\u00e9 teszi a vitaminok \u00e9s \u00e1sv\u00e1nyi anyagok jobb felsz\u00edv\u00f3d\u00e1s\u00e1t, ezt a n\u00e9lk\u00fcl\u00f6zhetetlen vitamint adtuk a kever\u00e9khez. A C-vitamin d\u00f6nt\u0151 fontoss\u00e1g\u00fa kever\u00e9k\u00fcnkben is, mivel saj\u00e1t kollag\u00e9n\u00fcnk k\u00e9pz\u0151d\u00e9se nagym\u00e9rt\u00e9kben f\u00fcgg ennek a vitaminnak a megfelel\u0151 mennyis\u00e9g\u00e9t\u0151l. Figyelembe kell venni azt is, hogy a doh\u00e1nyosoknak, a fizikailag akt\u00edv embereknek \u00e9s a sportol\u00f3knak van r\u00e1 a legnagyobb sz\u00fcks\u00e9g\u00fck a mindennapokban, de ezt a megn\u00f6vekedett C-vitamin-sz\u00fcks\u00e9gletet \u00e1ltal\u00e1ban nem \u00e9rik el csak di\u00e9t\u00e1val, ez\u00e9rt aj\u00e1nlott \u00e9trend-kieg\u00e9sz\u00edt\u0151k\u00e9nt fogyasztani, a t\u00f6bblet C-vitamint pedig egyszer\u0171en kiv\u00e1lasztja a szervezet\u00fcnk.<\/span><\/p>\n<p><span style=\"color: #000000\">A csod\u00e1latos \u00e9trend-kieg\u00e9sz\u00edt\u0151 kever\u00e9k\u00fcnk rendszeres fogyaszt\u00e1sa sz\u00e1mos el\u0151nnyel j\u00e1r bels\u0151 \u00e9s k\u00fcls\u0151 sz\u00e9ps\u00e9g\u00fcnk szempontj\u00e1b\u00f3l:<\/span><\/p>\n<p><span style=\"color: #000000\">\ud83d\udc9a Javul <strong>a b\u0151r, a haj \u00e9s a k\u00f6r\u00f6m eg\u00e9szs\u00e9ge;<\/strong><\/span><br \/>\n<span style=\"color: #000000\">\ud83d\udc9a Javul <strong>a b\u00e9lm\u0171k\u00f6d\u00e9s<\/strong>;<\/span><br \/>\n<span style=\"color: #000000\">\ud83d\udc9a Javul <strong>az izomt\u00f6meg;<\/strong><\/span><br \/>\n<span style=\"color: #000000\">\ud83d\udc9a N\u00f6vekszik <strong>a test hidrat\u00e1l\u00e1sa;<\/strong><\/span><br \/>\n<span style=\"color: #000000\">\ud83d\udc9a a b\u0151r nem lesz t\u00f6bb\u00e9 sz\u00e1raz, <strong>javulnak a b\u0151rprobl\u00e9m\u00e1k<\/strong>, ph szintje egyens\u00falyba ker\u00fcl, rugalmass\u00e1 v\u00e1lik \u00e9s gyorsabban regener\u00e1l\u00f3dik;<\/span><br \/>\n<span style=\"color: #000000\">\ud83d\udc9a<strong> \u00f6reged\u00e9sg\u00e1tl\u00f3 hat\u00e1sok;<\/strong><\/span><br \/>\n<span style=\"color: #000000\">\ud83d\udc9a <strong>meger\u0151s\u00f6dnek a csontok, a fogak \u00e9s az \u00edz\u00fcletek;<\/strong><\/span><br \/>\n<span style=\"color: #000000\">\ud83d\udc9a Javul <strong>a test saj\u00e1t kollag\u00e9ntermel\u00e9se;<\/strong><\/span><br \/>\n<span style=\"color: #000000\">\ud83d\udc9a a sejtek<strong> v\u00e9dve lesznek az oxidat\u00edv stressz ellen;<\/strong><\/span><br \/>\n<span style=\"color: #000000\">\ud83d\udc9a Javul <strong>a fizikai ellen\u00e1ll\u00f3k\u00e9pess\u00e9g \u00e9s cs\u00f6kken a f\u00e1radts\u00e1g;<\/strong><\/span><br \/>\n<span style=\"color: #000000\">\ud83d\udc9a az eg\u00e9szs\u00e9ges<strong> immunrendszer\u00e9rt \u00e9s hormon\u00e1lis egyens\u00faly\u00e9rt;<\/strong><\/span><br \/>\n<span style=\"color: #000000\">\ud83d\udc9a a sejtek \u00e9s a sz\u00f6vetek <strong>gyorsabban regener\u00e1l\u00f3dnak.<\/strong><\/span><\/p>\n<h2><span style=\"color: #000000\">Csomagol\u00e1s<\/span><\/h2>\n<p><span style=\"color: #000000\">L\u00e9gmentesen z\u00e1rhat\u00f3 tasak, amelyben a term\u00e9k meg\u0151rzi minden frissess\u00e9g\u00e9t \u00e9s arom\u00e1j\u00e1t. A csomagol\u00e1s v\u00e9d a f\u00e9nyt\u0151l \u00e9s a leveg\u0151t\u0151l, mivel t\u00f6bb v\u00e9delmi r\u00e9tegb\u0151l \u00e1ll, amelyek meg\u0151rzik a tartalom tulajdons\u00e1gait.<\/span><\/p>\n<p><span style=\"color: #000000\">A csomagol\u00e1s nagyon praktikus \u00e9s lehet\u0151v\u00e9 teszi az \u00fajrahasznos\u00edt\u00e1st.<\/span><\/p>\n<h2><span style=\"color: #000000\">T\u00e1rol\u00e1s<\/span><\/h2>\n<p><span style=\"color: #000000\">Sz\u00e1raz, s\u00f6t\u00e9t \u00e9s h\u0171v\u00f6s helyen t\u00e1roland\u00f3. Mindig ellen\u0151rizze, hogy a zacsk\u00f3 j\u00f3l le van-e z\u00e1rva.<\/span><\/p>\n<h2><span style=\"color: #000000\">Sz\u00e1rmaz\u00e1si orsz\u00e1g<\/span><\/h2>\n<p><span style=\"color: #000000\">EU<\/span><\/p>\n","protected":false},"excerpt":{"rendered":"<p align=\"JUSTIFY\">Kollag\u00e9n, MSM \u00e9s C-vitamin a sz\u00e9ps\u00e9g\u00e9rt \u00e9s a j\u00f3 k\u00f6z\u00e9rzet\u00e9rt. Egy k\u00fcl\u00f6nleges kever\u00e9k, amit a test\u00fcnk meg fog h\u00e1l\u00e1lni, b\u0151r\u00fcnk pedig ragyogni fog t\u0151le. A kollag\u00e9n, MSM \u00e9s C-vitamin kever\u00e9k\u00e9nek rendszeres fogyaszt\u00e1sa sz\u00e1mos el\u0151nnyel j\u00e1r bels\u0151 \u00e9s k\u00fcls\u0151 sz\u00e9ps\u00e9g\u00fcnk sz\u00e1m\u00e1ra:<\/p>\n<p align=\"JUSTIFY\">\ud83d\udc9a javul <strong>a b\u0151r<\/strong>, <strong>a haj<\/strong>\u00a0\u00e9s <strong>a k\u00f6rm\u00f6k<\/strong> eg\u00e9szs\u00e9ge,<br \/>\n\ud83d\udc9a n\u00f6vekszik <strong>a test hidrat\u00e1l\u00e1sa<\/strong>,<br \/>\n\ud83d\udc9a meger\u0151s\u00edti a csontokat, a fogakat \u00e9s az \u00edz\u00fcleteket,<br \/>\n\ud83d\udc9a jav\u00edtja a test saj\u00e1t kollag\u00e9ntermel\u00e9s\u00e9t.<\/p>\n","protected":false},"featured_media":6022,"comment_status":"open","ping_status":"closed","template":"","meta":{"_acf_changed":false},"product_brand":[],"product_cat":[224,225,195],"product_tag":[],"class_list":{"0":"post-6021","1":"product","2":"type-product","3":"status-publish","4":"has-post-thumbnail","6":"product_cat-ajanlat","7":"product_cat-minden-termek","8":"product_cat-szuperelelmiszer","10":"first","11":"instock","12":"sale","13":"taxable","14":"shipping-taxable","15":"purchasable","16":"product-type-simple"},"acf":[],"_links":{"self":[{"href":"https:\/\/fengchashop.com\/hu\/wp-json\/wp\/v2\/product\/6021","targetHints":{"allow":["GET"]}}],"collection":[{"href":"https:\/\/fengchashop.com\/hu\/wp-json\/wp\/v2\/product"}],"about":[{"href":"https:\/\/fengchashop.com\/hu\/wp-json\/wp\/v2\/types\/product"}],"replies":[{"embeddable":true,"href":"https:\/\/fengchashop.com\/hu\/wp-json\/wp\/v2\/comments?post=6021"}],"wp:featuredmedia":[{"embeddable":true,"href":"https:\/\/fengchashop.com\/hu\/wp-json\/wp\/v2\/media\/6022"}],"wp:attachment":[{"href":"https:\/\/fengchashop.com\/hu\/wp-json\/wp\/v2\/media?parent=6021"}],"wp:term":[{"taxonomy":"product_brand","embeddable":true,"href":"https:\/\/fengchashop.com\/hu\/wp-json\/wp\/v2\/product_brand?post=6021"},{"taxonomy":"product_cat","embeddable":true,"href":"https:\/\/fengchashop.com\/hu\/wp-json\/wp\/v2\/product_cat?post=6021"},{"taxonomy":"product_tag","embeddable":true,"href":"https:\/\/fengchashop.com\/hu\/wp-json\/wp\/v2\/product_tag?post=6021"}],"curies":[{"name":"wp","href":"https:\/\/api.w.org\/{rel}","templated":true}]}}

Kollagén + MSM + C-vitamin por 250 g

<h2><span style="color: #000000">Kollagén + MSM + C-vitamin por</span></h2>
<p><span style="color: #000000">Hogy gondoskojunk egészségéről és szépségéről, készítettünk egy egészen különleges étrend-kiegészítő keveréket, amelyre szerintünk előbb-utóbb szinte mindenkinek szüksége lesz – a szervezetünk hálás lesz érte, bőrünk pedig egyszerűen ragyogni fog. Ez egy újabb termék széles választékunkból, amely a modern ember igényeit szem előtt tartva jött létre, aki csak a legjobbat fogadja el a természetből.</span></p>
<p><span style="color: #000000">Köztudott, hogy 25 éves kor után a saját kollagéntermelés évente körülbelül 1%-kal csökkenni kezd. A kollagén fokozatos csökkenésének következményei viszont csak később láthatóak, hiszen akár 10 évbe is telhet, mire észrevesszük az első látható jeleket, míg a csontok, a bőr, a vénák, az izmok, a haj és a körmök belső szerkezetének változásai már korábban is jelentkeznek. Tehát az első ráncok, amelyeket az arcon látunk, az évekkel ezelőtti csökkent kollagéntermelés eredménye. És mivel<strong> a kollagén a csontok, a bőr, a fogak, az erek, a porcok és az íny normál működéséért is felelős</strong>, egyértelmű, hogy hiánya hatással van mindezen területekre. A kollagén <strong>hozzájárul a bélrendszer egészséges működéséhez is</strong>, amitől gyakran függ általános egészségünk és jólétünk.</span></p>
<p><span style="color: #000000">A hidrolizált kollagén fogyasztása az egyébként egészséges és kiegyensúlyozott étrend, valamint az aktív életmód mellett 30 éves kor után ajánlott. Ezért a bőr, a haj és a köröm egészséges megjelenése, valamint az egészséges és erős csontok, fogak és ízületek érdekében készítettünk egy továbbfejlesztett keveréket, amely nemcsak kollagént, hanem MSM, azaz szerves kénsavat is tartalmaz, ami<strong> a szépség ásványa</strong> néven is ismert, és szintén pozitív hatással van a bőrünkre, a hajunkra, a körmünkre, az ízületeinkre és a csontjainkra. Sejtjeink építőköve és egy teljesen természetes, emberspecifikus komponens, melynek képződése szintén csökken az életkorral. Mivel a C-vitamin az MSM működéséhez és a szervezetünkben zajló legtöbb folyamathoz is nagyon fontos – különösen <strong> antioxidánsként</strong>, amely többek között lehetővé teszi a vitaminok és ásványi anyagok jobb felszívódását, ezt a nélkülözhetetlen vitamint adtuk a keverékhez. A C-vitamin döntő fontosságú keverékünkben is, mivel saját kollagénünk képződése nagymértékben függ ennek a vitaminnak a megfelelő mennyiségétől. Figyelembe kell venni azt is, hogy a dohányosoknak, a fizikailag aktív embereknek és a sportolóknak van rá a legnagyobb szükségük a mindennapokban, de ezt a megnövekedett C-vitamin-szükségletet általában nem érik el csak diétával, ezért ajánlott étrend-kiegészítőként fogyasztani, a többlet C-vitamint pedig egyszerűen kiválasztja a szervezetünk.</span></p>
<p><span style="color: #000000">A csodálatos étrend-kiegészítő keverékünk rendszeres fogyasztása számos előnnyel jár belső és külső szépségünk szempontjából:</span></p>
<p><span style="color: #000000">💚 Javul <strong>a bőr, a haj és a köröm egészsége;</strong></span><br />
<span style="color: #000000">💚 Javul <strong>a bélműködés</strong>;</span><br />
<span style="color: #000000">💚 Javul <strong>az izomtömeg;</strong></span><br />
<span style="color: #000000">💚 Növekszik <strong>a test hidratálása;</strong></span><br />
<span style="color: #000000">💚 a bőr nem lesz többé száraz, <strong>javulnak a bőrproblémák</strong>, ph szintje egyensúlyba kerül, rugalmassá válik és gyorsabban regenerálódik;</span><br />
<span style="color: #000000">💚<strong> öregedésgátló hatások;</strong></span><br />
<span style="color: #000000">💚 <strong>megerősödnek a csontok, a fogak és az ízületek;</strong></span><br />
<span style="color: #000000">💚 Javul <strong>a test saját kollagéntermelése;</strong></span><br />
<span style="color: #000000">💚 a sejtek<strong> védve lesznek az oxidatív stressz ellen;</strong></span><br />
<span style="color: #000000">💚 Javul <strong>a fizikai ellenállóképesség és csökken a fáradtság;</strong></span><br />
<span style="color: #000000">💚 az egészséges<strong> immunrendszerért és hormonális egyensúlyért;</strong></span><br />
<span style="color: #000000">💚 a sejtek és a szövetek <strong>gyorsabban regenerálódnak.</strong></span></p>
<h2><span style="color: #000000">Csomagolás</span></h2>
<p><span style="color: #000000">Légmentesen zárható tasak, amelyben a termék megőrzi minden frissességét és aromáját. A csomagolás véd a fénytől és a levegőtől, mivel több védelmi rétegből áll, amelyek megőrzik a tartalom tulajdonságait.</span></p>
<p><span style="color: #000000">A csomagolás nagyon praktikus és lehetővé teszi az újrahasznosítást.</span></p>
<h2><span style="color: #000000">Tárolás</span></h2>
<p><span style="color: #000000">Száraz, sötét és hűvös helyen tárolandó. Mindig ellenőrizze, hogy a zacskó jól le van-e zárva.</span></p>
<h2><span style="color: #000000">Származási ország</span></h2>
<p><span style="color: #000000">EU</span></p>

<p align="JUSTIFY">Kollagén, MSM és C-vitamin a szépségért és a jó közérzetért. Egy különleges keverék, amit a testünk meg fog hálálni, bőrünk pedig ragyogni fog tőle. A kollagén, MSM és C-vitamin keverékének rendszeres fogyasztása számos előnnyel jár belső és külső szépségünk számára:</p>
<p align="JUSTIFY">💚 javul <strong>a bőr</strong>, <strong>a haj</strong> és <strong>a körmök</strong> egészsége,<br />
💚 növekszik <strong>a test hidratálása</strong>,<br />
💚 megerősíti a csontokat, a fogakat és az ízületeket,<br />
💚 javítja a test saját kollagéntermelését.</p>
